{"id":10996,"date":"2015-03-05T14:55:28","date_gmt":"2015-03-05T14:55:28","guid":{"rendered":"http:\/\/aytultemiz.com\/site\/?page_id=10996"},"modified":"2018-01-30T10:47:47","modified_gmt":"2018-01-30T10:47:47","slug":"hakkimizda","status":"publish","type":"page","link":"https:\/\/aytultemiz.com\/site\/en\/hakkimizda\/","title":{"rendered":"AboutUs"},"content":{"rendered":"<div class=\"fusion-fullwidth fullwidth-box\" style=\"background-color:#242424;background-attachment:scroll;background-position:left top;background-repeat:no-repeat;-webkit-background-size:cover;-moz-background-size:cover;-o-background-size:cover;background-size:cover;border-color:#3e3e3e;border-bottom-width: 0px;border-top-width: 0px;border-bottom-style: solid;border-top-style: solid;padding-bottom:20px;padding-left:0px;padding-right:0px;padding-top:20px;\"><div class=\"avada-row\"><span class=\"fusion-imageframe imageframe imageframe-none imageframe-1\"> <img alt=\"\" src=\"http:\/\/aytultemiz.com\/site\/wp-content\/uploads\/2015\/03\/hakkimizda-e14273886294862.jpg\" class=\"img-responsive\" \/><\/span><\/div><\/div><div class=\"fusion-sep-clear\"><\/div><div class=\"fusion-separator fusion-full-width-sep sep-none\" style=\"border-color:#3e3e3e;margin-top:px;\"><\/div><div class=\"fusion-title title\"><h1 class=\"title-heading-left\">WHO ARE WE?<\/h1><div class=\"title-sep-container\"><div class=\"title-sep sep-double\"><\/div><\/div><\/div><div class=\"fusion-fullwidth fullwidth-box\" style=\"background-color:#242424;background-attachment:scroll;background-position:left top;background-repeat:no-repeat;-webkit-background-size:cover;-moz-background-size:cover;-o-background-size:cover;background-size:cover;border-color:#3e3e3e;border-bottom-width: 0px;border-top-width: 0px;border-bottom-style: solid;border-top-style: solid;padding-bottom:20px;padding-left:0px;padding-right:0px;padding-top:20px;\"><div class=\"avada-row\"><div class=\"fusion-content-boxes content-boxes columns fusion-columns-1 fusion-content-boxes-1 content-boxes-icon-with-title row content-left\"><div class=\"fusion-column content-box-column content-box-column-1 col-lg-12 col-md-12 col-sm-12\"><div class=\"col content-wrapper\"><div class=\"heading icon-left icon-small\"><\/div><div class=\"fusion-clearfix\"><\/div><div class=\"content-container icon-small\">   Ayt\u00fcl Temiz Garden Architecture and Engineering Services,is an Istanbul based office of landscape design and its applications. Our company with  our architects, engineers and technician staff;  we design  2D and 3D projects  of landscape areas, prepeare the applicatioon projects of designs and in order to apply the projects in its best way with our turn-key working principle we manage every single step of the project in coordination with our clients. Solution partnership for landscpae areas with  cooperative construction companies, client based design for personal garden areas, pot planting for interior and exterior spaces, design of terrace and roof gardens, at the spaces like restaurant , hotel and cafe where interior and exterior architecture is very much important,  finding solutions in order to meet our customers&#8217; satisfaction are our prioritized topics. Our aim is to create restful, happy and comfortable green areas with our unique designs without making any concessions on quality.<\/div><\/div><\/div><div class=\"fusion-clearfix\"><\/div><div class=\"fusion-clearfix\"><\/div><\/div><\/div><\/div><div class=\"fusion-sep-clear\"><\/div><div class=\"fusion-separator fusion-full-width-sep sep-none\" style=\"border-color:#3e3e3e;margin-top:px;\"><\/div><div class=\"fusion-title title\"><h1 class=\"title-heading-left\">OUR FOUNDER<\/h1><div class=\"title-sep-container\"><div class=\"title-sep sep-double\"><\/div><\/div><\/div><div class=\"fusion-content-boxes content-boxes columns fusion-columns-1 fusion-content-boxes-2 content-boxes-icon-with-title row content-left\"><div class=\"fusion-column content-box-column content-box-column-1 col-lg-12 col-md-12 col-sm-12\"><div class=\"col content-wrapper\"><div class=\"heading icon-left icon-small\"><\/div><div class=\"fusion-clearfix\"><\/div><div class=\"content-container icon-small\"> She received her B.S. at Istanbul University Faculty of Forestry as a Forest Engineer. During  her education at the institution of Forestry, she was writing her thesis on the \u201dorganizations in landscaping enterprises\u201d and wrote the book \u2018 Garden for New Starters in 310 steps\u2019 with the sponsorship of BOSCH. In her 160 page-book she described the main elements of landscaping, she gave various information on garden design, garden maintenance, vegetable gardening,sprinkler system, lightening system, ornamental pool, officinal plants, and organic products. Her book was released in March, 2012. As an expert, she had a lot of live programs and interviews on gardening and plants on various TV channels like Show Tv,Fox Tv, Bloomberg Ht, Beyaztv, Tvem, Trt1, Bereket tv, Kanal7, \u00c7ift\u00e7i TV, Business Channel Turk and Tvnet and found answers of garden lovers on these shows. She gave seminars to students on landscape and environment in various institutions like Istanbul University, Do\u011fa Private School, Bah\u00e7e\u015fehir Private School, K\u00fc\u00e7\u00fck \u015eeyler Kindergarden and Fark Private School; she also gave seminars at important companies like Eczac\u0131ba\u015f\u0131 Holding etc. She has taken places in both boutique and major; public and private landscaping projects in their design and application processes. She shares her landscape works on her website and on her Facebook fan page \u2018Bitki Uzman\u0131 Ayt\u00fcl Temiz\u2019 with nature lovers. Dozens of videos of her on plants have been watched on (Uzmantv etc.) by millions. She can use several drawing and designing programs and having a lot of certifications on her expertise, she has taken places in various workshops. She can speak English with full professional proficiency. She writes columns about landscaping ,garden,enviroment on \u2018\u0130\u00e7erik Fabrikas\u0131\u2019. Her poetry book \u2018Alacal\u0131 Ebruliler\u2019 was released in January, 2014. She was donated the sales revenue of her book for children in need of protection. She compered and worked as editor of Turkish TV programmes; \u2018Garden World with Ayt\u00fcl\u2019 and \u2018Flowers world\u2019 on \u00c7ift\u00e7i TV. She has been start to doing Tv broadcaste on Fox Tv since June 2016 and still Istanbul University&#8217;s advisory board member. She has been working on her landscape projects as general manager at Aytul Temiz Landscape Design for seven years.<\/div><\/div><\/div><div class=\"fusion-clearfix\"><\/div><div class=\"fusion-clearfix\"><\/div><\/div><div class=\"fusion-sep-clear\"><\/div><div class=\"fusion-separator fusion-full-width-sep sep-none\" style=\"border-color:#3e3e3e;margin-top:px;\"><\/div><div class=\"fusion-title title\"><h1 class=\"title-heading-left\">WE ARE SPECIALIZED IN<\/h1><div class=\"title-sep-container\"><div class=\"title-sep sep-double\"><\/div><\/div><\/div><div class=\"fusion-two-fifth fusion-layout-column fusion-column spacing-yes\"><div class=\"fusion-column-wrapper\"><ul class=\"fusion-checklist\"><li class=\"fusion-li-item size-small\"><span style=\"background-color:#a0ce4e;\" class=\"icon-wrapper circle-yes\"><i class=\"fusion-li-icon fa fa-star-o\" style=\"color:#ffffff;\"><\/i><\/span><div class=\"fusion-li-item-content\">Planting Project and Its Application<\/div><\/li><li class=\"fusion-li-item size-small\"><span style=\"background-color:#a0ce4e;\" class=\"icon-wrapper circle-yes\"><i class=\"fusion-li-icon fa fa-star-o\" style=\"color:#ffffff;\"><\/i><\/span><div class=\"fusion-li-item-content\">Irriggation Systems  Project and Its Application<\/div><\/li><li class=\"fusion-li-item size-small\"><span style=\"background-color:#a0ce4e;\" class=\"icon-wrapper circle-yes\"><i class=\"fusion-li-icon fa fa-star-o\" style=\"color:#ffffff;\"><\/i><\/span><div class=\"fusion-li-item-content\">Garden Lighting  Project and Its Application<\/div><\/li><li class=\"fusion-li-item size-small\"><span style=\"background-color:#a0ce4e;\" class=\"icon-wrapper circle-yes\"><i class=\"fusion-li-icon fa fa-star-o\" style=\"color:#ffffff;\"><\/i><\/span><div class=\"fusion-li-item-content\">Drainage  Project and Its Application<\/div><\/li><li class=\"fusion-li-item size-small\"><span style=\"background-color:#a0ce4e;\" class=\"icon-wrapper circle-yes\"><i class=\"fusion-li-icon fa fa-star-o\" style=\"color:#ffffff;\"><\/i><\/span><div class=\"fusion-li-item-content\">Firm Soil  Project and Its Application<\/div><\/li><li class=\"fusion-li-item size-small\"><span style=\"background-color:#a0ce4e;\" class=\"icon-wrapper circle-yes\"><i class=\"fusion-li-icon fa fa-star-o\" style=\"color:#ffffff;\"><\/i><\/span><div class=\"fusion-li-item-content\">Roll-on lawn  Project and Its Application<\/div><\/li><li class=\"fusion-li-item size-small\"><span style=\"background-color:#a0ce4e;\" class=\"icon-wrapper circle-yes\"><i class=\"fusion-li-icon fa fa-star-o\" style=\"color:#ffffff;\"><\/i><\/span><div class=\"fusion-li-item-content\">Decorative Pool Design and Its Application<\/div><\/li><li class=\"fusion-li-item size-small\"><span style=\"background-color:#a0ce4e;\" class=\"icon-wrapper circle-yes\"><i class=\"fusion-li-icon fa fa-star-o\" style=\"color:#ffffff;\"><\/i><\/span><div class=\"fusion-li-item-content\">Planter  Design and Its Application<\/div><\/li><li class=\"fusion-li-item size-small\"><span style=\"background-color:#a0ce4e;\" class=\"icon-wrapper circle-yes\"><i class=\"fusion-li-icon fa fa-star-o\" style=\"color:#ffffff;\"><\/i><\/span><div class=\"fusion-li-item-content\">Seasonal and Montly Garden Maintenance<\/div><\/li><li class=\"fusion-li-item size-small\"><span style=\"background-color:#a0ce4e;\" class=\"icon-wrapper circle-yes\"><i class=\"fusion-li-icon fa fa-star-o\" style=\"color:#ffffff;\"><\/i><\/span><div class=\"fusion-li-item-content\">2D and 3D Project Design<\/div><\/li><li class=\"fusion-li-item size-small\"><span style=\"background-color:#a0ce4e;\" class=\"icon-wrapper circle-yes\"><i class=\"fusion-li-icon fa fa-star-o\" style=\"color:#ffffff;\"><\/i><\/span><div class=\"fusion-li-item-content\">Landscape Project Consultancy<\/div><\/li><\/ul><\/div><\/div><div class=\"fusion-three-fifth fusion-layout-column fusion-column last spacing-yes\"><div class=\"fusion-column-wrapper\"><span class=\"fusion-imageframe imageframe imageframe-none imageframe-2\"> <img alt=\"\" src=\"http:\/\/aytultemiz.com\/site\/wp-content\/uploads\/2015\/03\/97561.jpg\" class=\"img-responsive\" \/><\/span><\/div><\/div><div class=\"fusion-clearfix\"><\/div><div class=\"fusion-sep-clear\"><\/div><div class=\"fusion-separator fusion-full-width-sep sep-none\" style=\"border-color:#3e3e3e;margin-top:px;\"><\/div>\n","protected":false},"excerpt":{"rendered":"","protected":false},"author":1,"featured_media":0,"parent":0,"menu_order":0,"comment_status":"open","ping_status":"closed","template":"","meta":[],"_links":{"self":[{"href":"https:\/\/aytultemiz.com\/site\/wp-json\/wp\/v2\/pages\/10996"}],"collection":[{"href":"https:\/\/aytultemiz.com\/site\/wp-json\/wp\/v2\/pages"}],"about":[{"href":"https:\/\/aytultemiz.com\/site\/wp-json\/wp\/v2\/types\/page"}],"author":[{"embeddable":true,"href":"https:\/\/aytultemiz.com\/site\/wp-json\/wp\/v2\/users\/1"}],"replies":[{"embeddable":true,"href":"https:\/\/aytultemiz.com\/site\/wp-json\/wp\/v2\/comments?post=10996"}],"version-history":[{"count":62,"href":"https:\/\/aytultemiz.com\/site\/wp-json\/wp\/v2\/pages\/10996\/revisions"}],"predecessor-version":[{"id":13013,"href":"https:\/\/aytultemiz.com\/site\/wp-json\/wp\/v2\/pages\/10996\/revisions\/13013"}],"wp:attachment":[{"href":"https:\/\/aytultemiz.com\/site\/wp-json\/wp\/v2\/media?parent=10996"}],"curies":[{"name":"wp","href":"https:\/\/api.w.org\/{rel}","templated":true}]}}