{"id":11102,"date":"2014-11-19T15:14:03","date_gmt":"2014-11-19T15:14:03","guid":{"rendered":"http:\/\/aytultemiz.com\/site\/?page_id=11102"},"modified":"2025-03-27T12:28:16","modified_gmt":"2025-03-27T12:28:16","slug":"home-3","status":"publish","type":"page","link":"https:\/\/aytultemiz.com\/site\/","title":{"rendered":"AnaSayfa"},"content":{"rendered":"<div class=\"fusion-fullwidth fullwidth-box\" style=\"background-color:#242424;background-attachment:scroll;background-position:left top;background-repeat:no-repeat;-webkit-background-size:cover;-moz-background-size:cover;-o-background-size:cover;background-size:cover;border-color:#3e3e3e;border-bottom-width: 0px;border-top-width: 0px;border-bottom-style: solid;border-top-style: solid;padding-bottom:20px;padding-left:0px;padding-right:0px;padding-top:20px;\"><div class=\"avada-row\"><span class=\"fusion-imageframe imageframe imageframe-none imageframe-1\"> <img src=\"http:\/\/aytultemiz.com\/site\/wp-content\/uploads\/2015\/03\/anasayfa.jpg\" alt=\"\"><\/span><\/div><\/div><div class=\"fusion-fullwidth fullwidth-box\" style=\"background-color:#242424;background-attachment:scroll;background-position:left top;background-repeat:no-repeat;-webkit-background-size:cover;-moz-background-size:cover;-o-background-size:cover;background-size:cover;border-color:#3e3e3e;border-bottom-width: 0px;border-top-width: 0px;border-bottom-style: solid;border-top-style: solid;padding-bottom:20px;padding-left:0px;padding-right:0px;padding-top:20px;\"><div class=\"avada-row\"><div class=\"fusion-flip-boxes flip-boxes row fusion-columns-4\"><div class=\"fusion-flip-box-wrapper col-lg-3 col-md-3 col-sm-3\"><div class=\"fusion-flip-box\"><div class=\"flip-box-inner-wrapper\"><div class=\"flip-box-front\" style=\"background-color:#3e3e3e;border-color:transparent;border-radius:4px;border-style:solid;border-width:1px;color:#aaa9a9;\"><div class=\"flip-box-front-inner\"><div class=\"flip-box-grafix flip-box-no-circle\"><i class=\"fa fa-pagelines\" style=\"color:#016c21;\"><\/i><\/div><h2 class=\"flip-box-heading without-text\" style=\"color:#ffffff;\">Bitkilendirme Projesi ve Uygulamas\u0131<\/h2><\/div><\/div><div class=\"flip-box-back\" style=\"background-color:#a0ce4e;border-color:transparent;border-radius:4px;border-style:solid;border-width:1px;color:#ffffff;\"><div class=\"flip-box-back-inner\">Lokasyona uygun bitkilerin se\u00e7ilmesi, temin edilmesi ve dikilmesi s\u00fcre\u00e7lerini kapsar.<\/div><\/div><\/div><\/div><\/div><div class=\"fusion-flip-box-wrapper col-lg-3 col-md-3 col-sm-3\"><div class=\"fusion-flip-box\"><div class=\"flip-box-inner-wrapper\"><div class=\"flip-box-front\" style=\"background-color:#3e3e3e;border-color:transparent;border-radius:4px;border-style:solid;border-width:1px;color:#aaa9a9;\"><div class=\"flip-box-front-inner\"><div class=\"flip-box-grafix flip-box-no-circle\"><i class=\"fa fa-tint\" style=\"color:#016c21;\"><\/i><\/div><h2 class=\"flip-box-heading without-text\" style=\"color:#ffffff;\">Sulama Sistemi Projesi ve Uygulamas\u0131<\/h2><\/div><\/div><div class=\"flip-box-back\" style=\"background-color:#a0ce4e;border-color:transparent;border-radius:4px;border-style:solid;border-width:1px;color:#ffffff;\"><div class=\"flip-box-back-inner\">Bitkilendirme projesi ve \u00e7im sahas\u0131na uygun olarak peyzaj uygulama alan\u0131n\u0131n su ihtiyac\u0131n\u0131 kar\u015f\u0131lamaya y\u00f6nelik sulama sisteminin planlanmas\u0131 i\u015flemidir.<\/div><\/div><\/div><\/div><\/div><div class=\"fusion-flip-box-wrapper col-lg-3 col-md-3 col-sm-3\"><div class=\"fusion-flip-box\"><div class=\"flip-box-inner-wrapper\"><div class=\"flip-box-front\" style=\"background-color:#3e3e3e;border-color:transparent;border-radius:4px;border-style:solid;border-width:1px;color:#aaa9a9;\"><div class=\"flip-box-front-inner\"><div class=\"flip-box-grafix flip-box-image\"><img src=\"http:\/\/aytultemiz.com\/site\/wp-content\/uploads\/2015\/03\/lightinggreen-300x300.png\" width=\"50\" height=\"50\" alt=\"\" \/><\/div><h2 class=\"flip-box-heading without-text\" style=\"color:#ffffff;\">Bah\u00e7e Ayd\u0131nlatma Projesi ve Uygulamas\u0131<\/h2><\/div><\/div><div class=\"flip-box-back\" style=\"background-color:#a0ce4e;border-color:transparent;border-radius:4px;border-style:solid;border-width:1px;color:#ffffff;\"><div class=\"flip-box-back-inner\">Peyzaj projesine uygun olarak ak\u015famlar\u0131 bah\u00e7e alan\u0131n\u0131n daha estetik g\u00f6r\u00fcnmesini hedefleyen t\u00fcm elektrik ve ayd\u0131nlatma i\u015flerini kapsamaktad\u0131r.<\/div><\/div><\/div><\/div><\/div><div class=\"fusion-flip-box-wrapper col-lg-3 col-md-3 col-sm-3\"><div class=\"fusion-flip-box\"><div class=\"flip-box-inner-wrapper\"><div class=\"flip-box-front\" style=\"background-color:#3e3e3e;border-color:transparent;border-radius:4px;border-style:solid;border-width:1px;color:#aaa9a9;\"><div class=\"flip-box-front-inner\"><div class=\"flip-box-grafix flip-box-image\"><img src=\"http:\/\/aytultemiz.com\/site\/wp-content\/uploads\/2015\/03\/drainage1.png\" width=\"50\" height=\"50\" alt=\"\" \/><\/div><h2 class=\"flip-box-heading without-text\" style=\"color:#ffffff;\">Drenaj Projesi ve Uygulamas\u0131 <\/h2><\/div><\/div><div class=\"flip-box-back\" style=\"background-color:#a0ce4e;border-color:transparent;border-radius:4px;border-style:solid;border-width:1px;color:#ffffff;\"><div class=\"flip-box-back-inner\">Peyzaj alan\u0131ndaki bitkilerin ve \u00e7im alan\u0131n\u0131n fazla sudan olumsuz etkilenmemesi i\u00e7in sahada uygulanan su drene etme sistemidir.<\/div><\/div><\/div><\/div><\/div><\/div><div class=\"fusion-clearfix\"><\/div><div class=\"fusion-flip-boxes flip-boxes row fusion-columns-4\"><div class=\"fusion-flip-box-wrapper col-lg-3 col-md-3 col-sm-3\"><div class=\"fusion-flip-box\"><div class=\"flip-box-inner-wrapper\"><div class=\"flip-box-front\" style=\"background-color:#3e3e3e;border-color:transparent;border-radius:4px;border-style:solid;border-width:1px;color:#aaa9a9;\"><div class=\"flip-box-front-inner\"><div class=\"flip-box-grafix flip-box-image\"><img src=\"http:\/\/aytultemiz.com\/site\/wp-content\/uploads\/2015\/03\/soil2.png\" width=\"50\" height=\"50\" alt=\"\" \/><\/div><h2 class=\"flip-box-heading without-text\" style=\"color:#ffffff;\">Toprak-Sert Zemin Projesi ve Uygulamas\u0131<\/h2><\/div><\/div><div class=\"flip-box-back\" style=\"background-color:#a0ce4e;border-color:transparent;border-radius:4px;border-style:solid;border-width:1px;color:#ffffff;\"><div class=\"flip-box-back-inner\">Bah\u00e7ede planlanan sert zeminlere y\u00f6nelik tasar\u0131m, ta\u015f se\u00e7imi, toprak se\u00e7imi ve uygulama i\u015flemidir.<\/div><\/div><\/div><\/div><\/div><div class=\"fusion-flip-box-wrapper col-lg-3 col-md-3 col-sm-3\"><div class=\"fusion-flip-box\"><div class=\"flip-box-inner-wrapper\"><div class=\"flip-box-front\" style=\"background-color:#3e3e3e;border-color:transparent;border-radius:4px;border-style:solid;border-width:1px;color:#aaa9a9;\"><div class=\"flip-box-front-inner\"><div class=\"flip-box-grafix flip-box-image\"><img src=\"http:\/\/aytultemiz.com\/site\/wp-content\/uploads\/2015\/03\/grass2.png\" width=\"50\" height=\"50\" alt=\"\" \/><\/div><h2 class=\"flip-box-heading without-text\" style=\"color:#ffffff;\">Rulo-tohum \u00c7im Planlamas\u0131 ve Uygulamas\u0131<\/h2><\/div><\/div><div class=\"flip-box-back\" style=\"background-color:#a0ce4e;border-color:transparent;border-radius:4px;border-style:solid;border-width:1px;color:#ffffff;\"><div class=\"flip-box-back-inner\">Alana uygun olan \u00e7im-tohum kar\u0131\u015f\u0131m\u0131n\u0131 bar\u0131nd\u0131ran rulo \u00e7imin belirlenip, sahaya serilmesi i\u015flemidir.<\/div><\/div><\/div><\/div><\/div><div class=\"fusion-flip-box-wrapper col-lg-3 col-md-3 col-sm-3\"><div class=\"fusion-flip-box\"><div class=\"flip-box-inner-wrapper\"><div class=\"flip-box-front\" style=\"background-color:#3e3e3e;border-color:transparent;border-radius:4px;border-style:solid;border-width:1px;color:#aaa9a9;\"><div class=\"flip-box-front-inner\"><div class=\"flip-box-grafix flip-box-image\"><img src=\"http:\/\/aytultemiz.com\/site\/wp-content\/uploads\/2015\/03\/fountain3.png\" width=\"50\" height=\"50\" alt=\"\" \/><\/div><h2 class=\"flip-box-heading\" style=\"color:#ffffff;\">S\u00fcs Havuzu Tasar\u0131m\u0131 ve Uygulanmas\u0131<\/h2> <\/div><\/div><div class=\"flip-box-back\" style=\"background-color:#a0ce4e;border-color:transparent;border-radius:4px;border-style:solid;border-width:1px;color:#ffffff;\"><div class=\"flip-box-back-inner\">Peyzaj projesinde \u00f6zel olarak tasarlanan canl\u0131 ve cans\u0131z s\u00fcs havuzlar\u0131n\u0131n planlanmas\u0131 ve uygulanmas\u0131 i\u015flemidir.<\/div><\/div><\/div><\/div><\/div><div class=\"fusion-flip-box-wrapper col-lg-3 col-md-3 col-sm-3\"><div class=\"fusion-flip-box\"><div class=\"flip-box-inner-wrapper\"><div class=\"flip-box-front\" style=\"background-color:#3e3e3e;border-color:transparent;border-radius:4px;border-style:solid;border-width:1px;color:#aaa9a9;\"><div class=\"flip-box-front-inner\"><div class=\"flip-box-grafix flip-box-no-circle\"><i class=\"fa fa-outdent\" style=\"color:#016c21;\"><\/i><\/div><h2 class=\"flip-box-heading without-text\" style=\"color:#ffffff;\">\u0130ki ve \u00dc\u00e7 Boyutlu Proje Yap\u0131m\u0131<\/h2><\/div><\/div><div class=\"flip-box-back\" style=\"background-color:#a0ce4e;border-color:transparent;border-radius:4px;border-style:solid;border-width:1px;color:#ffffff;\"><div class=\"flip-box-back-inner\">Peyzaj projelerinin teknolojik programlar, eskizler ve \u00e7e\u015fitli animasyonlarla sunumlar\u0131n\u0131n yap\u0131lmas\u0131 i\u015flemidir.<\/div><\/div><\/div><\/div><\/div><\/div><div class=\"fusion-clearfix\"><\/div><\/div><\/div>\n","protected":false},"excerpt":{"rendered":"","protected":false},"author":1,"featured_media":0,"parent":0,"menu_order":0,"comment_status":"closed","ping_status":"closed","template":"100-width.php","meta":[],"_links":{"self":[{"href":"https:\/\/aytultemiz.com\/site\/wp-json\/wp\/v2\/pages\/11102"}],"collection":[{"href":"https:\/\/aytultemiz.com\/site\/wp-json\/wp\/v2\/pages"}],"about":[{"href":"https:\/\/aytultemiz.com\/site\/wp-json\/wp\/v2\/types\/page"}],"author":[{"embeddable":true,"href":"https:\/\/aytultemiz.com\/site\/wp-json\/wp\/v2\/users\/1"}],"replies":[{"embeddable":true,"href":"https:\/\/aytultemiz.com\/site\/wp-json\/wp\/v2\/comments?post=11102"}],"version-history":[{"count":91,"href":"https:\/\/aytultemiz.com\/site\/wp-json\/wp\/v2\/pages\/11102\/revisions"}],"predecessor-version":[{"id":13052,"href":"https:\/\/aytultemiz.com\/site\/wp-json\/wp\/v2\/pages\/11102\/revisions\/13052"}],"wp:attachment":[{"href":"https:\/\/aytultemiz.com\/site\/wp-json\/wp\/v2\/media?parent=11102"}],"curies":[{"name":"wp","href":"https:\/\/api.w.org\/{rel}","templated":true}]}}