{"id":11186,"date":"2015-03-12T15:56:06","date_gmt":"2015-03-12T15:56:06","guid":{"rendered":"http:\/\/aytultemiz.com\/site\/?page_id=11186"},"modified":"2017-12-18T12:30:51","modified_gmt":"2017-12-18T12:30:51","slug":"peyzaj-ve-bahce","status":"publish","type":"page","link":"https:\/\/aytultemiz.com\/site\/peyzaj-ve-bahce\/","title":{"rendered":"Peyzaj ve Bah\u00e7e"},"content":{"rendered":"<div class=\"fusion-one-half one_half fusion-layout-column fusion-column spacing-yes\"><div class=\"fusion-column-wrapper\"><span class=\"fusion-imageframe imageframe imageframe-none imageframe-1\"> <img src=\"http:\/\/aytultemiz.com\/site\/wp-content\/uploads\/2012\/07\/blog_6.jpg\" alt=\"\" class=\"img-responsive\" \/><\/span><\/div><\/div><div class=\"fusion-one-half one_half fusion-layout-column fusion-column last spacing-yes\"><div class=\"fusion-column-wrapper\">\u015eirketimiz peyzaj ve bah\u00e7e ile ilgili gerek g\u00f6rsel yaz\u0131l\u0131 medya \u00fczerinde gerekse projelendirme ve uygulama konular\u0131nda aktif olarak hizmet vermektedir.<\/p>\n<p>Peyzaj ve bah\u00e7e hakk\u0131nda daha fazla bilgiye a\u015fa\u011f\u0131daki linklerden ula\u015fabilirsiniz;<\/p>\n<p>Videolar i\u00e7in <a title=\"Videolar\" href=\"http:\/\/aytultemiz.com\/site\/videolar\/\" target=\"_blank\">t\u0131klay\u0131n\u0131z<\/a><\/p>\n<p>Kurumsal E\u011fitimler\u00a0i\u00e7in\u00a0<a title=\"Kurumsal E\u011fitimler\" href=\"http:\/\/aytultemiz.com\/site\/kurumsal-egitimler\/\" target=\"_blank\">t\u0131klay\u0131n\u0131z<\/a><\/p>\n<p>Bir Bah\u00e7enin Hikayesi\u00a0i\u00e7in\u00a0<a title=\"Bir Bah\u00e7enin Hikayesi\" href=\"http:\/\/aytultemiz.com\/site\/bir-bahcenin-hikayesi-2\/\" target=\"_blank\">t\u0131klay\u0131n\u0131z<\/a><\/p>\n<p>Projeler\u00a0i\u00e7in\u00a0<a title=\"Projeler\" href=\"http:\/\/aytultemiz.com\/site\/projeler-2\/\" target=\"_blank\">t\u0131klay\u0131n\u0131z<\/a><\/p>\n<p>Referanslar\u0131m\u0131z\u0131n D\u00fc\u015f\u00fcnceleri\u00a0i\u00e7in\u00a0<a title=\"Referanslar\u0131m\u0131z\u0131n D\u00fc\u015f\u00fcnceleri\" href=\"http:\/\/aytultemiz.com\/site\/referanslarimizin-dusunceleri-2\/\" target=\"_blank\">t\u0131klay\u0131n\u0131z<\/a><\/div><\/div><div class=\"fusion-clearfix\"><\/div>\n","protected":false},"excerpt":{"rendered":"","protected":false},"author":1,"featured_media":0,"parent":0,"menu_order":0,"comment_status":"open","ping_status":"closed","template":"","meta":[],"_links":{"self":[{"href":"https:\/\/aytultemiz.com\/site\/wp-json\/wp\/v2\/pages\/11186"}],"collection":[{"href":"https:\/\/aytultemiz.com\/site\/wp-json\/wp\/v2\/pages"}],"about":[{"href":"https:\/\/aytultemiz.com\/site\/wp-json\/wp\/v2\/types\/page"}],"author":[{"embeddable":true,"href":"https:\/\/aytultemiz.com\/site\/wp-json\/wp\/v2\/users\/1"}],"replies":[{"embeddable":true,"href":"https:\/\/aytultemiz.com\/site\/wp-json\/wp\/v2\/comments?post=11186"}],"version-history":[{"count":19,"href":"https:\/\/aytultemiz.com\/site\/wp-json\/wp\/v2\/pages\/11186\/revisions"}],"predecessor-version":[{"id":12637,"href":"https:\/\/aytultemiz.com\/site\/wp-json\/wp\/v2\/pages\/11186\/revisions\/12637"}],"wp:attachment":[{"href":"https:\/\/aytultemiz.com\/site\/wp-json\/wp\/v2\/media?parent=11186"}],"curies":[{"name":"wp","href":"https:\/\/api.w.org\/{rel}","templated":true}]}}