{"id":11284,"date":"2015-03-19T17:01:23","date_gmt":"2015-03-19T17:01:23","guid":{"rendered":"http:\/\/aytultemiz.com\/site\/?page_id=11284"},"modified":"2017-12-18T14:38:43","modified_gmt":"2017-12-18T14:38:43","slug":"kurumsal-egitimler","status":"publish","type":"page","link":"https:\/\/aytultemiz.com\/site\/kurumsal-egitimler\/","title":{"rendered":"Kurumsal E\u011fitimler"},"content":{"rendered":"<div class=\"fusion-fullwidth fullwidth-box\" style=\"background-color:#242424;background-attachment:scroll;background-image: url(http:\/\/aytultemiz.com\/site\/wp-content\/uploads\/2015\/03\/iStock_000018975480XXLarge.jpg);background-position:left top;background-repeat:no-repeat;-webkit-background-size:cover;-moz-background-size:cover;-o-background-size:cover;background-size:cover;border-color:#3e3e3e;border-bottom-width: 0px;border-top-width: 0px;border-bottom-style: solid;border-top-style: solid;padding-bottom:20px;padding-left:0px;padding-right:0px;padding-top:20px;\"><div class=\"avada-row\"><span class=\"fusion-imageframe imageframe imageframe-none imageframe-1\"> <img alt=\"\" src=\"http:\/\/aytultemiz.com\/site\/wp-content\/uploads\/2015\/03\/iStock_000018975480XXLarge-Kopya.jpg\" class=\"img-responsive\" \/><\/span><\/div><\/div><div class=\"fusion-fullwidth fullwidth-box\" style=\"background-color:#242424;background-attachment:scroll;background-position:left top;background-repeat:no-repeat;-webkit-background-size:cover;-moz-background-size:cover;-o-background-size:cover;background-size:cover;border-color:#3e3e3e;border-bottom-width: 0px;border-top-width: 0px;border-bottom-style: solid;border-top-style: solid;padding-bottom:20px;padding-left:0px;padding-right:0px;padding-top:20px;\"><div class=\"avada-row\"><div class=\"fusion-content-boxes content-boxes columns fusion-columns-1 fusion-content-boxes-1 content-boxes-icon-with-title row content-left\"><div class=\"fusion-column content-box-column content-box-column-1 col-lg-12 col-md-12 col-sm-12\"><div class=\"col content-wrapper\"><div class=\"heading icon-left icon-small\"><\/div><div class=\"fusion-clearfix\"><\/div><div class=\"content-container icon-small\">  Kurumsal \u00e7al\u0131\u015fmalar kapsam\u0131nda;<br \/>\nBah\u00e7e\u015fehir Koleji, Do\u011fa Koleji vb. \u00e7e\u015fitli e\u011fitim kurumlar\u0131nda \u00f6\u011frencilere, bitki ve \u00e7evre sorunlar\u0131 ile ilgili paneller ger\u00e7ekle\u015ftirmi\u015f bulunmaktay\u0131z. Bununla birlikte; Eczac\u0131ba\u015f\u0131 Holding Baxter Firmas\u0131 vb. kurumsal firma y\u00f6neticilerine bitki ve dekorasyon \u00fczerine seminerler vermekteyiz.<\/div><\/div><\/div><div class=\"fusion-clearfix\"><\/div><div class=\"fusion-clearfix\"><\/div><\/div><\/div><\/div><div class=\"fusion-one-fourth one_fourth fusion-layout-column fusion-column spacing-yes\"><div class=\"fusion-column-wrapper\"><span class=\"fusion-imageframe imageframe imageframe-none imageframe-2\"> <img alt=\"\" src=\"http:\/\/aytultemiz.com\/site\/wp-content\/uploads\/2015\/03\/bahcesehirkoleji2013_ek1.jpg\" class=\"img-responsive\" \/><\/span><\/div><\/div><div class=\"fusion-one-half one_half fusion-layout-column fusion-column spacing-yes\"><div class=\"fusion-column-wrapper\"><div class=\"fusion-title title\"><h1 class=\"title-heading-left\">Bah\u00e7e\u015fehir Koleji Semineri<\/h1><div class=\"title-sep-container\"><div class=\"title-sep sep-single\"><\/div><\/div><\/div><\/div><\/div><div class=\"fusion-one-fourth one_fourth fusion-layout-column fusion-column last spacing-yes\"><div class=\"fusion-column-wrapper\"><\/div><\/div><div class=\"fusion-clearfix\"><\/div><div class=\"fusion-one-fourth one_fourth fusion-layout-column fusion-column spacing-yes\"><div class=\"fusion-column-wrapper\"><\/div><\/div><div class=\"fusion-two-fifth fusion-layout-column fusion-column spacing-yes\"><div class=\"fusion-column-wrapper\">30-03-2015<\/p>\n<p>Genel M\u00fcd\u00fcr\u00fcm\u00fcz Ayt\u00fcl Temiz, orman haftas\u0131 dolay\u0131s\u0131yla Florya Bah\u00e7e\u015fehir Koleji 3. ve 4. s\u0131n\u0131f \u00f6\u011frencilerine do\u011fa, \u00e7evre, orman ve peyzaj temal\u0131 genel bilgiler i\u00e7eren bir seminer verdi. Seminerden \u00e7ok etkilenen \u00e7ocuklar, do\u011fay\u0131 koruma temal\u0131 resimler yaparak okul duvarlar\u0131na \u00e7al\u0131\u015fmalar\u0131n\u0131 as\u0131p bir bilin\u00e7lendirme kampanyas\u0131 ba\u015flatt\u0131. \u00d6\u011fretmenlerinden habersiz b\u00f6yle bir \u00e7al\u0131\u015fmaya girmeleri e\u011fitmenlerini ve bizleri \u00e7ok mutlu etti. Birbirinden de\u011ferli ve duyarl\u0131 t\u00fcm \u00e7ocuklar\u0131m\u0131za ve davetleri i\u00e7in Bah\u00e7e\u015fehir E\u011fitim Kurumlar\u0131na te\u015fekk\u00fcr ederiz.<\/div><\/div><div class=\"fusion-one-third one_third fusion-layout-column fusion-column last spacing-yes\"><div class=\"fusion-column-wrapper\"><span class=\"fusion-imageframe imageframe imageframe-none imageframe-3\"> <img alt=\"\" src=\"http:\/\/aytultemiz.com\/site\/wp-content\/uploads\/2015\/03\/total2.jpg\" class=\"img-responsive\" \/><\/span><\/div><\/div><div class=\"fusion-clearfix\"><\/div><div class=\"fusion-sep-clear\"><\/div><div class=\"fusion-separator fusion-full-width-sep sep-none\" style=\"border-color:#3e3e3e;margin-top:px;\"><\/div><div class=\"fusion-one-fourth one_fourth fusion-layout-column fusion-column spacing-yes\"><div class=\"fusion-column-wrapper\"><span class=\"fusion-imageframe imageframe imageframe-none imageframe-4\"> <img alt=\"\" src=\"http:\/\/aytultemiz.com\/site\/wp-content\/uploads\/2015\/03\/baxter_160x120_20100830_143354.jpg\" class=\"img-responsive\" \/><\/span><\/div><\/div><div class=\"fusion-one-half one_half fusion-layout-column fusion-column spacing-yes\"><div class=\"fusion-column-wrapper\"><div class=\"fusion-title title\"><h1 class=\"title-heading-left\">Bitki ve Dekorasyon Semineri<\/h1><div class=\"title-sep-container\"><div class=\"title-sep sep-single\"><\/div><\/div><\/div><\/div><\/div><div class=\"fusion-one-fourth one_fourth fusion-layout-column fusion-column last spacing-yes\"><div class=\"fusion-column-wrapper\"><\/div><\/div><div class=\"fusion-clearfix\"><\/div><div class=\"fusion-one-fourth one_fourth fusion-layout-column fusion-column spacing-yes\"><div class=\"fusion-column-wrapper\"><\/div><\/div><div class=\"fusion-two-fifth fusion-layout-column fusion-column spacing-yes\"><div class=\"fusion-column-wrapper\"><\/div><\/div><div class=\"fusion-one-third one_third fusion-layout-column fusion-column last spacing-yes\"><div class=\"fusion-column-wrapper\"><span class=\"fusion-imageframe imageframe imageframe-none imageframe-5\"> <img alt=\"\" src=\"http:\/\/aytultemiz.com\/site\/wp-content\/uploads\/2015\/03\/zzz1.jpg\" class=\"img-responsive\" \/><\/span><\/div><\/div><div class=\"fusion-clearfix\"><\/div>\n","protected":false},"excerpt":{"rendered":"","protected":false},"author":1,"featured_media":0,"parent":0,"menu_order":0,"comment_status":"open","ping_status":"open","template":"","meta":[],"_links":{"self":[{"href":"https:\/\/aytultemiz.com\/site\/wp-json\/wp\/v2\/pages\/11284"}],"collection":[{"href":"https:\/\/aytultemiz.com\/site\/wp-json\/wp\/v2\/pages"}],"about":[{"href":"https:\/\/aytultemiz.com\/site\/wp-json\/wp\/v2\/types\/page"}],"author":[{"embeddable":true,"href":"https:\/\/aytultemiz.com\/site\/wp-json\/wp\/v2\/users\/1"}],"replies":[{"embeddable":true,"href":"https:\/\/aytultemiz.com\/site\/wp-json\/wp\/v2\/comments?post=11284"}],"version-history":[{"count":20,"href":"https:\/\/aytultemiz.com\/site\/wp-json\/wp\/v2\/pages\/11284\/revisions"}],"predecessor-version":[{"id":12724,"href":"https:\/\/aytultemiz.com\/site\/wp-json\/wp\/v2\/pages\/11284\/revisions\/12724"}],"wp:attachment":[{"href":"https:\/\/aytultemiz.com\/site\/wp-json\/wp\/v2\/media?parent=11284"}],"curies":[{"name":"wp","href":"https:\/\/api.w.org\/{rel}","templated":true}]}}