{"id":11293,"date":"2015-03-19T17:03:04","date_gmt":"2015-03-19T17:03:04","guid":{"rendered":"http:\/\/aytultemiz.com\/site\/?page_id=11293"},"modified":"2016-02-24T15:28:51","modified_gmt":"2016-02-24T15:28:51","slug":"sizden-gelenler","status":"publish","type":"page","link":"https:\/\/aytultemiz.com\/site\/sizden-gelenler\/","title":{"rendered":"Sizden Gelenler"},"content":{"rendered":"<div class=\"fusion-five-sixth fusion-layout-column fusion-column last spacing-yes\"><div class=\"fusion-column-wrapper\"><div class=\"fusion-title title\"><h1 class=\"title-heading-left\">\n<h5>Facebook Sayfam\u0131z Bitki Uzman\u0131 Ayt\u00fcl Temiz&#8217;e Sizlerden Gelen Sorular<\/h5>\n<\/h1><div class=\"title-sep-container\"><div class=\"title-sep sep-single\"><\/div><\/div><\/div><\/div><\/div><div class=\"fusion-clearfix\"><\/div><div class=\"fusion-five-sixth fusion-layout-column fusion-column last spacing-yes\"><div class=\"fusion-column-wrapper\"><div class=\"fusion-testimonials classic fusion-testimonials-1\"><style type='text\/css'>\n\t\t#fusion-testimonials-1 a{border-color: #aaa9a9;}#fusion-testimonials-1 a:hover, #fusion-testimonials-1 .activeSlide{background-color: #aaa9a9;}\n\t\t.fusion-testimonials.classic.fusion-testimonials-1 .author:after{border-top-color:#3e3e3e !important;}<\/style><div class=\"reviews\"><div class=\"review male\"><blockquote><q style=\"background-color:#3e3e3e;color:#aaa9a9;\">Merhaba,<br \/>\n\u0130yi g\u00fcnler, size bir sorum olacakt\u0131. \u00dc\u00e7 g\u00fcn \u00f6nce orkide ald\u0131k fakat \u00e7i\u00e7ekleri salma ve yava\u015f yava\u015f d\u00f6k\u00fclmeye ba\u015flad\u0131.daha \u00f6nce hi\u00e7 \u00e7i\u00e7ek bakmad\u0131m neler yapmam gerekiyor nas\u0131l bak\u0131m yapmal\u0131y\u0131m yard\u0131mc\u0131 olur musunuz?<br \/>\n\u015eimdiden te\u015fekk\u00fcr ederim..<br \/>\n<\/q><\/blockquote><div class=\"author\" style=\"color:#aaa9a9;\"><span class=\"testimonial-thumbnail doe\" style=\"color:#aaa9a9;\"><\/span><span class=\"company-name\"><strong>Rumeysa Tepe \u00d6zt\u00fcrk- 26.01. 2016<\/strong><\/span><\/div><\/div><\/div><\/div><\/div><\/div><div class=\"fusion-clearfix\"><\/div><div class=\"fusion-one-fourth one_fourth fusion-layout-column fusion-column spacing-yes\"><div class=\"fusion-column-wrapper\"><div class=\"fusion-slider-sc flexslider\" style=\"max-width:100%;height:100%;\"><ul class=\"slides\"><li class=\"image\"><img src=\"http:\/\/aytultemiz.com\/site\/wp-content\/uploads\/2015\/03\/a2.jpg\" \/><\/li><li class=\"image\"><img src=\"http:\/\/aytultemiz.com\/site\/wp-content\/uploads\/2015\/03\/a11.jpg\" \/><\/li><\/ul><\/div><\/div><\/div><div class=\"fusion-three-fourth three_fourth fusion-layout-column fusion-column last spacing-yes\"><div class=\"fusion-column-wrapper\"><div class=\"fusion-testimonials classic fusion-testimonials-2\"><style type='text\/css'>\n\t\t#fusion-testimonials-2 a{border-color: #aaa9a9;}#fusion-testimonials-2 a:hover, #fusion-testimonials-2 .activeSlide{background-color: #aaa9a9;}\n\t\t.fusion-testimonials.classic.fusion-testimonials-2 .author:after{border-top-color:#cddbb8 !important;}<\/style><div class=\"reviews\"><div class=\"review male\"><blockquote><q style=\"background-color:#cddbb8;color:#aaa9a9;\"><\/q><\/blockquote><\/div><\/div><\/div><\/div><\/div><div class=\"fusion-clearfix\"><\/div><div class=\"fusion-sep-clear\"><\/div><div class=\"fusion-separator fusion-full-width-sep sep-none\" style=\"border-color:#3e3e3e;margin-top:px;\"><\/div><div class=\"fusion-five-sixth fusion-layout-column fusion-column last spacing-yes\"><div class=\"fusion-column-wrapper\"><div class=\"fusion-testimonials classic fusion-testimonials-3\"><style type='text\/css'>\n\t\t#fusion-testimonials-3 a{border-color: #aaa9a9;}#fusion-testimonials-3 a:hover, #fusion-testimonials-3 .activeSlide{background-color: #aaa9a9;}\n\t\t.fusion-testimonials.classic.fusion-testimonials-3 .author:after{border-top-color:#3e3e3e !important;}<\/style><div class=\"reviews\"><div class=\"review male\"><blockquote><q style=\"background-color:#3e3e3e;color:#aaa9a9;\">Merhaba Ayt\u00fcl han\u0131m,<br \/>\n\u00d6ncelikle yapt\u0131\u011f\u0131n\u0131z programlarla bizleri bilgilendirdi\u011finiz i\u00e7in te\u015fekk\u00fcr ederim. Size yeti\u015ftirdi\u011fim kraton bitkisi hakk\u0131nda bir sorum olacakt\u0131. Kraton \u00e7i\u00e7e\u011fim yapraklar\u0131n\u0131 d\u00f6kmeye ba\u015flad\u0131. Daha sonra d\u00fczenli sulamayla filiz vermeye ba\u015flad\u0131. \u00dcste kalan 7-8 yapra\u011f\u0131da filizlerin g\u00fc\u00e7lenmesi i\u00e7in kestim. \u015eimdi resimde de g\u00f6r\u00fcld\u00fc\u011f\u00fc gibi alt filizler b\u00fcy\u00fcd\u00fc ancak \u00fcst k\u0131s\u0131mdakilerde bir geli\u015fim g\u00f6z\u00fckm\u00fcyor. \u00dcst filizleri nas\u0131l g\u00fc\u00e7lendirebilirim? Ye\u015fil yaprakl\u0131 bitkiler i\u00e7in \u00e7i\u00e7ek \u00e7o\u015fturan kullan\u0131yorum. Zaman ay\u0131r\u0131p cevap verdi\u011finiz i\u00e7in te\u015fekk\u00fcr ederim.<\/q><\/blockquote><div class=\"author\" style=\"color:#aaa9a9;\"><span class=\"testimonial-thumbnail doe\" style=\"color:#aaa9a9;\"><\/span><span class=\"company-name\"><strong>Levent Y\u0131ld\u0131z- 14.01.2016<\/strong><\/span><\/div><\/div><\/div><\/div><\/div><\/div><div class=\"fusion-clearfix\"><\/div><div class=\"fusion-one-fourth one_fourth fusion-layout-column fusion-column spacing-yes\"><div class=\"fusion-column-wrapper\"><div class=\"fusion-slider-sc flexslider\" style=\"max-width:100%;height:100%;\"><ul class=\"slides\"><li class=\"image\"><img src=\"http:\/\/aytultemiz.com\/site\/wp-content\/uploads\/2015\/03\/b.jpg\" \/><\/li><li class=\"image\"><img src=\"http:\/\/aytultemiz.com\/site\/wp-content\/uploads\/2015\/03\/a1.jpg\" \/><\/li><\/ul><\/div><\/div><\/div><div class=\"fusion-three-fourth three_fourth fusion-layout-column fusion-column last spacing-yes\"><div class=\"fusion-column-wrapper\"><div class=\"fusion-testimonials classic fusion-testimonials-4\"><style type='text\/css'>\n\t\t#fusion-testimonials-4 a{border-color: #aaa9a9;}#fusion-testimonials-4 a:hover, #fusion-testimonials-4 .activeSlide{background-color: #aaa9a9;}\n\t\t.fusion-testimonials.classic.fusion-testimonials-4 .author:after{border-top-color:#cddbb8 !important;}<\/style><div class=\"reviews\"><div class=\"review male\"><blockquote><q style=\"background-color:#cddbb8;color:#aaa9a9;\"><\/q><\/blockquote><\/div><\/div><\/div><\/div><\/div><div class=\"fusion-clearfix\"><\/div><div class=\"fusion-sep-clear\"><\/div><div class=\"fusion-separator fusion-full-width-sep sep-none\" style=\"border-color:#3e3e3e;margin-top:px;\"><\/div><div class=\"fusion-five-sixth fusion-layout-column fusion-column last spacing-yes\"><div class=\"fusion-column-wrapper\"><div class=\"fusion-testimonials classic fusion-testimonials-5\"><style type='text\/css'>\n\t\t#fusion-testimonials-5 a{border-color: #aaa9a9;}#fusion-testimonials-5 a:hover, #fusion-testimonials-5 .activeSlide{background-color: #aaa9a9;}\n\t\t.fusion-testimonials.classic.fusion-testimonials-5 .author:after{border-top-color:#3e3e3e !important;}<\/style><div class=\"reviews\"><div class=\"review male\"><blockquote><q style=\"background-color:#3e3e3e;color:#aaa9a9;\">Ayt\u00fcl han\u0131m merhaba<br \/>\n2 ay \u00f6nce k\u0131\u015f arkada\u015f\u0131ma s\u00f6z g\u00fcn\u00fcm\u00fczde bir kumkuat ald\u0131m \u00e7ok hacimli ve bolca meyveliydi fakat 2 ay i\u00e7inde hem t\u00fcm meyvelerini d\u00f6kt\u00fc hemde \u00fcst\u00fcnde 1 tane bile yaprak kalmad\u0131. k\u0131z arkada\u015f\u0131m\u0131n evi pek g\u00fcne\u015f almayan bir konumda ve sat\u0131n al\u0131nd\u0131\u011f\u0131 yerde pete\u011fin yak\u0131n\u0131nda iyi olur dedikleri i\u00e7in pete\u011fin yan\u0131nda kald\u0131\u011f\u0131ndan san\u0131r\u0131m \u00e7ok k\u00f6t\u00fc bir hale geldi. D\u00fcn kendisinden ald\u0131m ve kendi plastik saks\u0131s\u0131n\u0131n \u00fczerinde birde porselen b\u00fcy\u00fck saks\u0131s\u0131 vard\u0131 ondan \u00e7\u0131kar\u0131nca alt\u0131nda bolca su oldu\u011funu g\u00f6rd\u00fcm. Saks\u0131n\u0131n alt\u0131na az da olsa temas ediyordu. Bu a\u011fa\u00e7 benim i\u00e7in \u00e7ok \u00f6nemli tekrardan tamamen \u00f6lmeden toparlamak istiyorum. Ne yapmal\u0131y\u0131m rica etsem yard\u0131mc\u0131 olur musunuz?<\/q><\/blockquote><div class=\"author\" style=\"color:#aaa9a9;\"><span class=\"testimonial-thumbnail doe\" style=\"color:#aaa9a9;\"><\/span><span class=\"company-name\"><strong>Sam\u00e9t Sayan- 13.01.2016<\/strong><\/span><\/div><\/div><\/div><\/div><\/div><\/div><div class=\"fusion-clearfix\"><\/div><div class=\"fusion-five-sixth fusion-layout-column fusion-column last spacing-yes\"><div class=\"fusion-column-wrapper\"><div class=\"fusion-testimonials classic fusion-testimonials-6\"><style type='text\/css'>\n\t\t#fusion-testimonials-6 a{border-color: #aaa9a9;}#fusion-testimonials-6 a:hover, #fusion-testimonials-6 .activeSlide{background-color: #aaa9a9;}\n\t\t.fusion-testimonials.classic.fusion-testimonials-6 .author:after{border-top-color:#cddbb8 !important;}<\/style><div class=\"reviews\"><div class=\"review male\"><blockquote><q style=\"background-color:#cddbb8;color:#aaa9a9;\"><\/q><\/blockquote><\/div><\/div><\/div><\/div><\/div><div class=\"fusion-clearfix\"><\/div><div class=\"fusion-sep-clear\"><\/div><div class=\"fusion-separator fusion-full-width-sep sep-none\" style=\"border-color:#3e3e3e;margin-top:px;\"><\/div><div class=\"fusion-five-sixth fusion-layout-column fusion-column last spacing-yes\"><div class=\"fusion-column-wrapper\"><div class=\"fusion-testimonials classic fusion-testimonials-7\"><style type='text\/css'>\n\t\t#fusion-testimonials-7 a{border-color: #aaa9a9;}#fusion-testimonials-7 a:hover, #fusion-testimonials-7 .activeSlide{background-color: #aaa9a9;}\n\t\t.fusion-testimonials.classic.fusion-testimonials-7 .author:after{border-top-color:#3e3e3e !important;}<\/style><div class=\"reviews\"><div class=\"review male\"><blockquote><q style=\"background-color:#3e3e3e;color:#aaa9a9;\">\u0130yi G\u00fcnler..<br \/>\nBenim size sorum olacakt\u0131.<br \/>\nBen zirai i\u015flemlere merakl\u0131y\u0131md\u0131r. Biraz da okulum icab\u0131 Isparta&#8217;da okumaktay\u0131m g\u00fcl \u00e7eliklemek istiyorum. Baz\u0131 videolar izledim ama di\u011fer videolarda hem yapraklar\u0131 falan temizleyip \u00e7elikliyorlard\u0131 sizin videonuzda direkt yapraklar\u0131yla hangisi daha sagl\u0131kl\u0131 olur ? Bir de bu i\u00e7inde bulundugmuz aylarda cel\u0131kleme yap\u0131l\u0131r m\u0131? Tesekkurler<\/q><\/blockquote><div class=\"author\" style=\"color:#aaa9a9;\"><span class=\"testimonial-thumbnail doe\" style=\"color:#aaa9a9;\"><\/span><span class=\"company-name\"><strong>Selim Bostan- 12.14.2015<\/strong><\/span><\/div><\/div><\/div><\/div><\/div><\/div><div class=\"fusion-clearfix\"><\/div><div class=\"fusion-five-sixth fusion-layout-column fusion-column last spacing-yes\"><div class=\"fusion-column-wrapper\"><div class=\"fusion-testimonials classic fusion-testimonials-8\"><style type='text\/css'>\n\t\t#fusion-testimonials-8 a{border-color: #aaa9a9;}#fusion-testimonials-8 a:hover, #fusion-testimonials-8 .activeSlide{background-color: #aaa9a9;}\n\t\t.fusion-testimonials.classic.fusion-testimonials-8 .author:after{border-top-color:#cddbb8 !important;}<\/style><div class=\"reviews\"><div class=\"review male\"><blockquote><q style=\"background-color:#cddbb8;color:#aaa9a9;\"><\/q><\/blockquote><\/div><\/div><\/div><\/div><\/div><div class=\"fusion-clearfix\"><\/div><div class=\"fusion-sep-clear\"><\/div><div class=\"fusion-separator fusion-full-width-sep sep-none\" style=\"border-color:#3e3e3e;margin-top:px;\"><\/div><div class=\"fusion-five-sixth fusion-layout-column fusion-column last spacing-yes\"><div class=\"fusion-column-wrapper\"><div class=\"fusion-testimonials classic fusion-testimonials-9\"><style type='text\/css'>\n\t\t#fusion-testimonials-9 a{border-color: #aaa9a9;}#fusion-testimonials-9 a:hover, #fusion-testimonials-9 .activeSlide{background-color: #aaa9a9;}\n\t\t.fusion-testimonials.classic.fusion-testimonials-9 .author:after{border-top-color:#3e3e3e !important;}<\/style><div class=\"reviews\"><div class=\"review male\"><blockquote><q style=\"background-color:#3e3e3e;color:#aaa9a9;\">Atat\u00fcrk \u00e7i\u00e7e\u011fini ne kadar sulamam\u0131z gerekir az azmi?<\/q><\/blockquote><div class=\"author\" style=\"color:#aaa9a9;\"><span class=\"testimonial-thumbnail doe\" style=\"color:#aaa9a9;\"><\/span><span class=\"company-name\"><strong>TC Fatma \u00d6zdem- 12.12.2015<\/strong><\/span><\/div><\/div><\/div><\/div><\/div><\/div><div class=\"fusion-clearfix\"><\/div><div class=\"fusion-five-sixth fusion-layout-column fusion-column last spacing-yes\"><div class=\"fusion-column-wrapper\"><div class=\"fusion-testimonials classic fusion-testimonials-10\"><style type='text\/css'>\n\t\t#fusion-testimonials-10 a{border-color: #aaa9a9;}#fusion-testimonials-10 a:hover, #fusion-testimonials-10 .activeSlide{background-color: #aaa9a9;}\n\t\t.fusion-testimonials.classic.fusion-testimonials-10 .author:after{border-top-color:#cddbb8 !important;}<\/style><div class=\"reviews\"><div class=\"review male\"><blockquote><q style=\"background-color:#cddbb8;color:#aaa9a9;\"><\/q><\/blockquote><\/div><\/div><\/div><\/div><\/div><div class=\"fusion-clearfix\"><\/div><div class=\"fusion-sep-clear\"><\/div><div class=\"fusion-separator fusion-full-width-sep sep-none\" style=\"border-color:#3e3e3e;margin-top:px;\"><\/div><div class=\"fusion-five-sixth fusion-layout-column fusion-column last spacing-yes\"><div class=\"fusion-column-wrapper\"><div class=\"fusion-testimonials classic fusion-testimonials-11\"><style type='text\/css'>\n\t\t#fusion-testimonials-11 a{border-color: #aaa9a9;}#fusion-testimonials-11 a:hover, #fusion-testimonials-11 .activeSlide{background-color: #aaa9a9;}\n\t\t.fusion-testimonials.classic.fusion-testimonials-11 .author:after{border-top-color:#3e3e3e !important;}<\/style><div class=\"reviews\"><div class=\"review male\"><blockquote><q style=\"background-color:#3e3e3e;color:#aaa9a9;\">Ayt\u00fcl han\u0131m merhaba, sizi me\u015fgul etmeyeceksem bir konu dan\u0131\u015fmak istiyorum. Saks\u0131da bakt\u0131\u011f\u0131m begonvilimin topra\u011f\u0131nda \u00e7ok say\u0131da k\u0131rkayak benzeri b\u00f6cek g\u00f6rd\u00fcm. dallar\u0131n u\u00e7lar\u0131 ise \u00e7\u00fcr\u00fcm\u00fc\u015f gibi. u\u00e7larda beyaz yumurtalar var. Ne yapmam gerekti\u011fi konusunda yard\u0131mc\u0131 olabilir misiniz l\u00fctfen. \u0130nternetten sa\u011fl\u0131kl\u0131 bir bilgi bulamad\u0131m. Sa\u011fl\u0131cakla&#8230;<\/q><\/blockquote><div class=\"author\" style=\"color:#aaa9a9;\"><span class=\"testimonial-thumbnail doe\" style=\"color:#aaa9a9;\"><\/span><span class=\"company-name\"><strong>Mehmet Gucer- 12.10.2015<\/strong><\/span><\/div><\/div><\/div><\/div><\/div><\/div><div class=\"fusion-clearfix\"><\/div><div class=\"fusion-five-sixth fusion-layout-column fusion-column last spacing-yes\"><div class=\"fusion-column-wrapper\"><div class=\"fusion-testimonials classic fusion-testimonials-12\"><style type='text\/css'>\n\t\t#fusion-testimonials-12 a{border-color: #aaa9a9;}#fusion-testimonials-12 a:hover, #fusion-testimonials-12 .activeSlide{background-color: #aaa9a9;}\n\t\t.fusion-testimonials.classic.fusion-testimonials-12 .author:after{border-top-color:#cddbb8 !important;}<\/style><div class=\"reviews\"><div class=\"review male\"><blockquote><q style=\"background-color:#cddbb8;color:#aaa9a9;\"><\/q><\/blockquote><\/div><\/div><\/div><\/div><\/div><div class=\"fusion-clearfix\"><\/div><div class=\"fusion-sep-clear\"><\/div><div class=\"fusion-separator fusion-full-width-sep sep-none\" style=\"border-color:#3e3e3e;margin-top:px;\"><\/div><div class=\"fusion-five-sixth fusion-layout-column fusion-column last spacing-yes\"><div class=\"fusion-column-wrapper\"><div class=\"fusion-testimonials classic fusion-testimonials-13\"><style type='text\/css'>\n\t\t#fusion-testimonials-13 a{border-color: #aaa9a9;}#fusion-testimonials-13 a:hover, #fusion-testimonials-13 .activeSlide{background-color: #aaa9a9;}\n\t\t.fusion-testimonials.classic.fusion-testimonials-13 .author:after{border-top-color:#3e3e3e !important;}<\/style><div class=\"reviews\"><div class=\"review male\"><blockquote><q style=\"background-color:#3e3e3e;color:#aaa9a9;\">Ayt\u00fcl han\u0131m bi sorum olacakt\u0131 asma fidan\u0131yla ilgili. \u00e7elikten k\u00f6klendirme y\u00f6ntemiyle 20 ye yak\u0131n cabernet cinsi asmalar\u0131m vard\u0131. Bunlar\u0131 \u015fubat ay\u0131 sonlar\u0131na do\u011fru topra\u011f\u0131ndan (naylondan) \u00e7\u0131kard\u0131m ve suyun i\u00e7inde 2 g\u00fcn bekletip bah\u00e7eye nemli topra\u011fa dikmi\u015ftim. s\u00fcrg\u00fcnlerin boyu 10-15 santim civar\u0131. \u015fuan tomurcuklar\u0131ndan yapraklar \u00e7\u0131kt\u0131 hepsinde. \u015fimdi bunlara hayvan g\u00fcbresi verip sulama yapsam geli\u015fimlerini h\u0131zland\u0131rabilirmiyim yoksa zarar m\u0131 veririm ?<\/q><\/blockquote><div class=\"author\" style=\"color:#aaa9a9;\"><span class=\"testimonial-thumbnail doe\" style=\"color:#aaa9a9;\"><\/span><span class=\"company-name\"><strong>Onur Kaya- 26.11.2015<\/strong><\/span><\/div><\/div><\/div><\/div><\/div><\/div><div class=\"fusion-clearfix\"><\/div><div class=\"fusion-five-sixth fusion-layout-column fusion-column last spacing-yes\"><div class=\"fusion-column-wrapper\"><div class=\"fusion-testimonials classic fusion-testimonials-14\"><style type='text\/css'>\n\t\t#fusion-testimonials-14 a{border-color: #aaa9a9;}#fusion-testimonials-14 a:hover, #fusion-testimonials-14 .activeSlide{background-color: #aaa9a9;}\n\t\t.fusion-testimonials.classic.fusion-testimonials-14 .author:after{border-top-color:#cddbb8 !important;}<\/style><div class=\"reviews\"><div class=\"review male\"><blockquote><q style=\"background-color:#cddbb8;color:#aaa9a9;\">Merhaba Onur Bey, \u00f6ncelikle dikim i\u015flemi nerde yapacaks\u0131n\u0131z? Ya\u011fmur al\u0131yormu \u015fuan yapaca\u011f\u0131n\u0131z yer ve s\u0131cakl\u0131k hangi aral\u0131kta seyir ediyor?<br \/>\nBitki Uzman\u0131 Ayt\u00fcl Temiz<br \/>\nSorunuza gelince Baharda g\u00fcbreleme yapmak \u00e7ok faydal\u0131d\u0131r yaln\u0131z yanm\u0131\u015f hayvan g\u00fcbresi olmas\u0131 m\u00fchim yanmam\u0131\u015f olursa yeni \u00e7\u0131kacak otlar ile fideleriniz bo\u011fulup \u00f6l\u00fcrler.. Size tavsiyem dikim yaparken nemli topra\u011fa k\u00f6klerin gelece\u011fi yere \u00f6nce g\u00fcbre atman\u0131z sonrada \u00fczerine at\u0131p \u00e7apa ile g\u00fcbreyi topra\u011fa kar\u0131\u015ft\u0131rman\u0131z. K\u00f6klendirme hakk\u0131nda ve k\u00f6klendirme sonras\u0131 dikim ile ilgili uzmantv dede bolca videom var. Onlarada bir g\u00f6z atabilirsiniz. Siz bu asamlar\u0131 bir \u015farap \u00fcretimi i\u00e7in mi yeti\u015ftiriyorsunuz? O sebeple ya\u011fmur ve s\u0131cakl\u0131k sordum. \u00dcr\u00fcn kalitenizi etkileyen unsurlar bunlar.<\/q><\/blockquote><\/div><\/div><\/div><\/div><\/div><div class=\"fusion-clearfix\"><\/div><div class=\"fusion-five-sixth fusion-layout-column fusion-column last spacing-yes\"><div class=\"fusion-column-wrapper\"><div class=\"fusion-testimonials classic fusion-testimonials-15\"><style type='text\/css'>\n\t\t#fusion-testimonials-15 a{border-color: #aaa9a9;}#fusion-testimonials-15 a:hover, #fusion-testimonials-15 .activeSlide{background-color: #aaa9a9;}\n\t\t.fusion-testimonials.classic.fusion-testimonials-15 .author:after{border-top-color:#3e3e3e !important;}<\/style><div class=\"reviews\"><div class=\"review male\"><blockquote><q style=\"background-color:#3e3e3e;color:#aaa9a9;\">Evet hocam \u015farapl\u0131k i\u00e7in yeti\u015ftiriyorum. Ancak \u015fuan 2. Y\u0131l\u0131nda hepsi. Iki kar\u0131\u015f s\u00fcrg\u00fcn b\u0131rakt\u0131lar ve bu sene dahada b\u00fcy\u00fcyecekler. Kendi haline mi b\u0131raksam do\u011fal \u015fekilde b\u00fcy\u00fcmelerini mi bekleyeyim?<\/q><\/blockquote><div class=\"author\" style=\"color:#aaa9a9;\"><span class=\"testimonial-thumbnail doe\" style=\"color:#aaa9a9;\"><\/span><span class=\"company-name\"><strong>Onur Kaya- 26.11.2015<\/strong><\/span><\/div><\/div><\/div><\/div><\/div><\/div><div class=\"fusion-clearfix\"><\/div><div class=\"fusion-five-sixth fusion-layout-column fusion-column last spacing-yes\"><div class=\"fusion-column-wrapper\"><div class=\"fusion-testimonials classic fusion-testimonials-16\"><style type='text\/css'>\n\t\t#fusion-testimonials-16 a{border-color: #aaa9a9;}#fusion-testimonials-16 a:hover, #fusion-testimonials-16 .activeSlide{background-color: #aaa9a9;}\n\t\t.fusion-testimonials.classic.fusion-testimonials-16 .author:after{border-top-color:#cddbb8 !important;}<\/style><div class=\"reviews\"><div class=\"review male\"><blockquote><q style=\"background-color:#cddbb8;color:#aaa9a9;\">G\u00fcbre takviyesi, kimyasal ve mekanik bak\u0131m \u015fartt\u0131r e\u011fer \u015farap i\u00e7in \u00fcretecekseniz. Asla kendi haline b\u0131rakmay\u0131n.<\/q><\/blockquote><\/div><\/div><\/div><\/div><\/div><div class=\"fusion-clearfix\"><\/div><div class=\"fusion-sep-clear\"><\/div><div class=\"fusion-separator fusion-full-width-sep sep-none\" style=\"border-color:#3e3e3e;margin-top:px;\"><\/div><div class=\"fusion-five-sixth fusion-layout-column fusion-column last spacing-yes\"><div class=\"fusion-column-wrapper\"><div class=\"fusion-testimonials classic fusion-testimonials-17\"><style type='text\/css'>\n\t\t#fusion-testimonials-17 a{border-color: #aaa9a9;}#fusion-testimonials-17 a:hover, #fusion-testimonials-17 .activeSlide{background-color: #aaa9a9;}\n\t\t.fusion-testimonials.classic.fusion-testimonials-17 .author:after{border-top-color:#3e3e3e !important;}<\/style><div class=\"reviews\"><div class=\"review male\"><blockquote><q style=\"background-color:#3e3e3e;color:#aaa9a9;\">Merhaba , size bir sorum olacak . Ben videonuzu izleyerek k\u00fc\u00e7\u00fck bir alana \u00e7im ekimi yapt\u0131m.Aradan bir g\u00fcn ge\u00e7ti Kar\u0131nca sard\u0131. Cim ekimi i\u00e7in haz\u0131rlad\u0131\u011f\u0131m topra\u011fa yuva yapt\u0131lar oraya t\u00fcm tohumlar\u0131 g\u00f6t\u00fcr\u00fcyorlar ne yapmal\u0131y\u0131m? ekimi 2 3 g\u00fcn \u00f6nce yapt\u0131m kas\u0131m\u0131n bas\u0131 yani yard\u0131mc\u0131 olursan\u0131z sevinirim.. Te\u015fekk\u00fcrler .<\/q><\/blockquote><div class=\"author\" style=\"color:#aaa9a9;\"><span class=\"testimonial-thumbnail doe\" style=\"color:#aaa9a9;\"><\/span><span class=\"company-name\"><strong>Ahmet Enes Yetg\u0131n-11.09.2015<\/strong><\/span><\/div><\/div><\/div><\/div><\/div><\/div><div class=\"fusion-clearfix\"><\/div><div class=\"fusion-five-sixth fusion-layout-column fusion-column last spacing-yes\"><div class=\"fusion-column-wrapper\"><div class=\"fusion-testimonials classic fusion-testimonials-18\"><style type='text\/css'>\n\t\t#fusion-testimonials-18 a{border-color: #aaa9a9;}#fusion-testimonials-18 a:hover, #fusion-testimonials-18 .activeSlide{background-color: #aaa9a9;}\n\t\t.fusion-testimonials.classic.fusion-testimonials-18 .author:after{border-top-color:#cddbb8 !important;}<\/style><div class=\"reviews\"><div class=\"review male\"><blockquote><q style=\"background-color:#cddbb8;color:#aaa9a9;\"><\/q><\/blockquote><\/div><\/div><\/div><\/div><\/div><div class=\"fusion-clearfix\"><\/div>\n","protected":false},"excerpt":{"rendered":"","protected":false},"author":1,"featured_media":0,"parent":0,"menu_order":0,"comment_status":"open","ping_status":"open","template":"","meta":[],"_links":{"self":[{"href":"https:\/\/aytultemiz.com\/site\/wp-json\/wp\/v2\/pages\/11293"}],"collection":[{"href":"https:\/\/aytultemiz.com\/site\/wp-json\/wp\/v2\/pages"}],"about":[{"href":"https:\/\/aytultemiz.com\/site\/wp-json\/wp\/v2\/types\/page"}],"author":[{"embeddable":true,"href":"https:\/\/aytultemiz.com\/site\/wp-json\/wp\/v2\/users\/1"}],"replies":[{"embeddable":true,"href":"https:\/\/aytultemiz.com\/site\/wp-json\/wp\/v2\/comments?post=11293"}],"version-history":[{"count":48,"href":"https:\/\/aytultemiz.com\/site\/wp-json\/wp\/v2\/pages\/11293\/revisions"}],"predecessor-version":[{"id":12369,"href":"https:\/\/aytultemiz.com\/site\/wp-json\/wp\/v2\/pages\/11293\/revisions\/12369"}],"wp:attachment":[{"href":"https:\/\/aytultemiz.com\/site\/wp-json\/wp\/v2\/media?parent=11293"}],"curies":[{"name":"wp","href":"https:\/\/api.w.org\/{rel}","templated":true}]}}