{"id":11819,"date":"2015-05-31T11:08:34","date_gmt":"2015-05-31T11:08:34","guid":{"rendered":"http:\/\/aytultemiz.com\/site\/?page_id=11819"},"modified":"2018-01-02T10:22:43","modified_gmt":"2018-01-02T10:22:43","slug":"projekten","status":"publish","type":"page","link":"https:\/\/aytultemiz.com\/site\/de\/projekten\/","title":{"rendered":"Projekten"},"content":{"rendered":"<div class=\"fusion-one-half one_half fusion-layout-column fusion-column spacing-yes\"><div class=\"fusion-column-wrapper\"><div class=\"fusion-title title\"><h1 class=\"title-heading-left\">\n<h3>Mandarin Oriental Villa Landschaft Projet und Applikation<\/h3>\n<\/h1><div class=\"title-sep-container\"><div class=\"title-sep sep-single\"><\/div><\/div><\/div>Lage: Bodrum, Mu\u011fla, T\u00fcrkei<\/p>\n<p>Landschaft Design: Ayt\u00fcl Temiz Bah\u00e7e Tasar\u0131m\u0131<\/p>\n<p>Projekt Team: Aytul Temiz, \u015eafak \u00d6zkan<\/p>\n<p>Projekttyp: Landschaft Design und Applikation<\/p>\n<\/div><\/div><div class=\"fusion-one-half one_half fusion-layout-column fusion-column last spacing-yes\"><div class=\"fusion-column-wrapper\"><div class=\"fusion-slider-sc flexslider\" style=\"max-width:100%;height:100%;\"><ul class=\"slides\"><li class=\"image\"><img src=\"http:\/\/aytultemiz.com\/site\/wp-content\/uploads\/2015\/03\/122.png\" \/><\/li><li class=\"image\"><img src=\"http:\/\/aytultemiz.com\/site\/wp-content\/uploads\/2015\/03\/131.png\" \/><\/li><li class=\"image\"><img src=\"http:\/\/aytultemiz.com\/site\/wp-content\/uploads\/2015\/03\/91.png\" \/><\/li><li class=\"image\"><img src=\"http:\/\/aytultemiz.com\/site\/wp-content\/uploads\/2015\/03\/81.png\" \/><\/li><li class=\"image\"><img src=\"http:\/\/aytultemiz.com\/site\/wp-content\/uploads\/2015\/03\/71.png\" \/><\/li><li class=\"image\"><img src=\"http:\/\/aytultemiz.com\/site\/wp-content\/uploads\/2015\/03\/61.png\" \/><\/li><li class=\"image\"><img src=\"http:\/\/aytultemiz.com\/site\/wp-content\/uploads\/2015\/03\/51.png\" \/><\/li><li class=\"image\"><img src=\"http:\/\/aytultemiz.com\/site\/wp-content\/uploads\/2015\/03\/31.png\" \/><\/li><li class=\"image\"><img src=\"http:\/\/aytultemiz.com\/site\/wp-content\/uploads\/2015\/03\/21.png\" \/><\/li><li class=\"image\"><img src=\"http:\/\/aytultemiz.com\/site\/wp-content\/uploads\/2015\/03\/111.png\" \/><\/li><li class=\"image\"><img src=\"http:\/\/aytultemiz.com\/site\/wp-content\/uploads\/2015\/03\/141.png\" \/><\/li><\/ul><\/div><\/div><\/div><div class=\"fusion-clearfix\"><\/div><div class=\"fusion-sep-clear\"><\/div><div class=\"fusion-separator fusion-full-width-sep sep-none\" style=\"border-color:#3e3e3e;margin-top:px;\"><\/div><div class=\"fusion-one-half one_half fusion-layout-column fusion-column spacing-yes\"><div class=\"fusion-column-wrapper\"><div class=\"fusion-slider-sc flexslider\" style=\"max-width:100%;height:100%;\"><ul class=\"slides\"><li class=\"image\"><img src=\"http:\/\/aytultemiz.com\/site\/wp-content\/uploads\/2015\/03\/73.jpg\" \/><\/li><li class=\"image\"><img src=\"http:\/\/aytultemiz.com\/site\/wp-content\/uploads\/2015\/03\/64.jpg\" \/><\/li><li class=\"image\"><img src=\"http:\/\/aytultemiz.com\/site\/wp-content\/uploads\/2015\/03\/54.jpg\" \/><\/li><li class=\"image\"><img src=\"http:\/\/aytultemiz.com\/site\/wp-content\/uploads\/2015\/03\/45.jpg\" \/><\/li><li class=\"image\"><img src=\"http:\/\/aytultemiz.com\/site\/wp-content\/uploads\/2015\/03\/36.jpg\" \/><\/li><li class=\"image\"><img src=\"http:\/\/aytultemiz.com\/site\/wp-content\/uploads\/2015\/03\/210.jpg\" \/><\/li><li class=\"image\"><img src=\"http:\/\/aytultemiz.com\/site\/wp-content\/uploads\/2015\/03\/115.jpg\" \/><\/li><\/ul><\/div><\/div><\/div><div class=\"fusion-one-half one_half fusion-layout-column fusion-column last spacing-yes\"><div class=\"fusion-column-wrapper\"><div class=\"fusion-title title\"><h1 class=\"title-heading-left\">\n<h3><em>Toskana\/Italien &#8211;\u00a0Villa Landscaft Projekt<\/em><\/h3>\n<\/h1><div class=\"title-sep-container\"><div class=\"title-sep sep-single\"><\/div><\/div><\/div>Lage: Toskana, Italien<\/p>\n<p>Landschaft Design: Ayt\u00fcl Temiz Bah\u00e7e Tasar\u0131m\u0131<\/p>\n<\/div><\/div><div class=\"fusion-clearfix\"><\/div><div class=\"fusion-sep-clear\"><\/div><div class=\"fusion-separator fusion-full-width-sep sep-none\" style=\"border-color:#3e3e3e;margin-top:px;\"><\/div><div class=\"fusion-one-half one_half fusion-layout-column fusion-column spacing-yes\"><div class=\"fusion-column-wrapper\"><div class=\"fusion-title title\"><h1 class=\"title-heading-left\">\n<h3><em>S\u00fczer Plaza\u00a0<\/em>Innere&amp; \u00c4u\u00dfere\u00a0Projekten<\/h3>\n<\/h1><div class=\"title-sep-container\"><div class=\"title-sep sep-single\"><\/div><\/div><\/div>Konzeptuell und Applikation<\/p>\n<p style=\"text-align: right;\"><em>\u0130stanbul<\/em><\/p>\n<\/div><\/div><div class=\"fusion-one-half one_half fusion-layout-column fusion-column last spacing-yes\"><div class=\"fusion-column-wrapper\"><div class=\"fusion-slider-sc flexslider\" style=\"max-width:100%;height:100%;\"><ul class=\"slides\"><li class=\"image\"><img src=\"http:\/\/aytultemiz.com\/site\/wp-content\/uploads\/2015\/03\/28.jpg\" \/><\/li><li class=\"image\"><img src=\"http:\/\/aytultemiz.com\/site\/wp-content\/uploads\/2015\/03\/112.jpg\" \/><\/li><li class=\"image\"><img src=\"http:\/\/aytultemiz.com\/site\/wp-content\/uploads\/2015\/03\/33.jpg\" \/><\/li><li class=\"image\"><img src=\"http:\/\/aytultemiz.com\/site\/wp-content\/uploads\/2015\/03\/42.jpg\" \/><\/li><li class=\"image\"><img src=\"http:\/\/aytultemiz.com\/site\/wp-content\/uploads\/2015\/03\/52.jpg\" \/><\/li><li class=\"image\"><img src=\"http:\/\/aytultemiz.com\/site\/wp-content\/uploads\/2015\/03\/72.jpg\" \/><\/li><li class=\"image\"><img src=\"http:\/\/aytultemiz.com\/site\/wp-content\/uploads\/2015\/03\/62.jpg\" \/><\/li><li class=\"image\"><img src=\"http:\/\/aytultemiz.com\/site\/wp-content\/uploads\/2015\/03\/92.jpg\" \/><\/li><li class=\"image\"><img src=\"http:\/\/aytultemiz.com\/site\/wp-content\/uploads\/2015\/03\/81.jpg\" \/><\/li><\/ul><\/div><\/div><\/div><div class=\"fusion-clearfix\"><\/div><div class=\"fusion-sep-clear\"><\/div><div class=\"fusion-separator fusion-full-width-sep sep-none\" style=\"border-color:#3e3e3e;margin-top:px;\"><\/div><div class=\"fusion-one-half one_half fusion-layout-column fusion-column spacing-yes\"><div class=\"fusion-column-wrapper\"><div class=\"fusion-slider-sc flexslider\" style=\"max-width:100%;height:100%;\"><ul class=\"slides\"><li class=\"image\"><img src=\"http:\/\/aytultemiz.com\/site\/wp-content\/uploads\/2015\/03\/29.jpg\" \/><\/li><li class=\"image\"><img src=\"http:\/\/aytultemiz.com\/site\/wp-content\/uploads\/2015\/03\/113.jpg\" \/><\/li><li class=\"image\"><img src=\"http:\/\/aytultemiz.com\/site\/wp-content\/uploads\/2015\/03\/34.jpg\" \/><\/li><li class=\"image\"><img src=\"http:\/\/aytultemiz.com\/site\/wp-content\/uploads\/2015\/03\/43.jpg\" \/><\/li><li class=\"image\"><img src=\"http:\/\/aytultemiz.com\/site\/wp-content\/uploads\/2015\/03\/53.jpg\" \/><\/li><li class=\"image\"><img src=\"http:\/\/aytultemiz.com\/site\/wp-content\/uploads\/2015\/03\/63.jpg\" \/><\/li><\/ul><\/div><\/div><\/div><div class=\"fusion-one-half one_half fusion-layout-column fusion-column last spacing-yes\"><div class=\"fusion-column-wrapper\"><div class=\"fusion-title title\"><h1 class=\"title-heading-left\">\n<h3><em>Bah\u00e7ek\u00f6y Sakl\u0131koru\u00a0Evleri\u00a0<\/em>Landschaft Projekt<\/h3>\n<\/h1><div class=\"title-sep-container\"><div class=\"title-sep sep-single\"><\/div><\/div><\/div>Applikation<\/p>\n<p style=\"text-align: right;\"><em>\u0130stanbul<\/em><\/p>\n<\/div><\/div><div class=\"fusion-clearfix\"><\/div><div class=\"fusion-sep-clear\"><\/div><div class=\"fusion-separator fusion-full-width-sep sep-none\" style=\"border-color:#3e3e3e;margin-top:px;\"><\/div><div class=\"fusion-one-half one_half fusion-layout-column fusion-column spacing-yes\"><div class=\"fusion-column-wrapper\"><div class=\"fusion-title title\"><h1 class=\"title-heading-left\">\n<h3><em>Toskana Vadisi<\/em>\u00a0Landschaft Projekt<\/h3>\n<\/h1><div class=\"title-sep-container\"><div class=\"title-sep sep-single\"><\/div><\/div><\/div>Applikation<\/p>\n<p style=\"text-align: right;\"><em>\u0130stanbul<\/em><\/p>\n<\/div><\/div><div class=\"fusion-one-half one_half fusion-layout-column fusion-column last spacing-yes\"><div class=\"fusion-column-wrapper\"><div class=\"fusion-slider-sc flexslider\" style=\"max-width:100%;height:100%;\"><ul class=\"slides\"><li class=\"image\"><img src=\"http:\/\/aytultemiz.com\/site\/wp-content\/uploads\/2015\/03\/111.jpg\" \/><\/li><li class=\"image\"><img src=\"http:\/\/aytultemiz.com\/site\/wp-content\/uploads\/2015\/03\/101.jpg\" \/><\/li><li class=\"image\"><img src=\"http:\/\/aytultemiz.com\/site\/wp-content\/uploads\/2015\/03\/91.jpg\" \/><\/li><li class=\"image\"><img src=\"http:\/\/aytultemiz.com\/site\/wp-content\/uploads\/2015\/03\/71.jpg\" \/><\/li><li class=\"image\"><img src=\"http:\/\/aytultemiz.com\/site\/wp-content\/uploads\/2015\/03\/61.jpg\" \/><\/li><li class=\"image\"><img src=\"http:\/\/aytultemiz.com\/site\/wp-content\/uploads\/2015\/03\/IMG_4217-e1446658374943.jpg\" \/><\/li><\/ul><\/div><\/div><\/div><div class=\"fusion-clearfix\"><\/div><div class=\"fusion-sep-clear\"><\/div><div class=\"fusion-separator fusion-full-width-sep sep-none\" style=\"border-color:#3e3e3e;margin-top:px;\"><\/div><div class=\"fusion-one-half one_half fusion-layout-column fusion-column spacing-yes\"><div class=\"fusion-column-wrapper\"><div class=\"fusion-slider-sc flexslider\" style=\"max-width:100%;height:100%;\"><ul class=\"slides\"><li class=\"image\"><img src=\"http:\/\/aytultemiz.com\/site\/wp-content\/uploads\/2015\/03\/51.jpg\" \/><\/li><li class=\"image\"><img src=\"http:\/\/aytultemiz.com\/site\/wp-content\/uploads\/2015\/03\/41.jpg\" \/><\/li><li class=\"image\"><img src=\"http:\/\/aytultemiz.com\/site\/wp-content\/uploads\/2015\/03\/32.jpg\" \/><\/li><li class=\"image\"><img src=\"http:\/\/aytultemiz.com\/site\/wp-content\/uploads\/2015\/03\/2.jpg\" \/><\/li><li class=\"image\"><img src=\"http:\/\/aytultemiz.com\/site\/wp-content\/uploads\/2015\/03\/110.jpg\" \/><\/li><\/ul><\/div><\/div><\/div><div class=\"fusion-one-half one_half fusion-layout-column fusion-column last spacing-yes\"><div class=\"fusion-column-wrapper\"><div class=\"fusion-title title\"><h1 class=\"title-heading-left\">\n<h3><em>Ak\u00e7elik Holding<\/em>\u00a0Terrasse Garten Projekt<\/h3>\n<\/h1><div class=\"title-sep-container\"><div class=\"title-sep sep-single\"><\/div><\/div><\/div>Applikation<\/p>\n<p style=\"text-align: right;\"><em>\u0130stanbul<\/em><\/p>\n<\/div><\/div><div class=\"fusion-clearfix\"><\/div><div class=\"fusion-sep-clear\"><\/div><div class=\"fusion-separator fusion-full-width-sep sep-none\" style=\"border-color:#3e3e3e;margin-top:px;\"><\/div><div class=\"fusion-one-half one_half fusion-layout-column fusion-column spacing-yes\"><div class=\"fusion-column-wrapper\"><div class=\"fusion-title title\"><h1 class=\"title-heading-left\">\n<h3><em>S\u00fctl\u00fc Kahve<\/em>\u00a0Cafe\u00a0Garten Projekt<\/h3>\n<\/h1><div class=\"title-sep-container\"><div class=\"title-sep sep-single\"><\/div><\/div><\/div>Konzeptuell<\/p>\n<p style=\"text-align: right;\"><em>\u0130stanbul<\/em><\/p>\n<\/div><\/div><div class=\"fusion-one-half one_half fusion-layout-column fusion-column last spacing-yes\"><div class=\"fusion-column-wrapper\"><div class=\"fusion-slider-sc flexslider\" style=\"max-width:100%;height:100%;\"><ul class=\"slides\"><li class=\"image\"><img src=\"http:\/\/aytultemiz.com\/site\/wp-content\/uploads\/2015\/03\/S\u00fctl\u00fc-Kahve2.jpg\" \/><\/li><li class=\"image\"><img src=\"http:\/\/aytultemiz.com\/site\/wp-content\/uploads\/2015\/03\/s\u00fctl\u00fc-kahve1-1.jpg\" \/><\/li><li class=\"image\"><img src=\"http:\/\/aytultemiz.com\/site\/wp-content\/uploads\/2015\/03\/S\u00fctl\u00fc-Kahve-7-1.jpg\" \/><\/li><li class=\"image\"><img src=\"http:\/\/aytultemiz.com\/site\/wp-content\/uploads\/2015\/03\/S\u00fctl\u00fc-Kahve-5.jpg\" \/><\/li><\/ul><\/div><\/div><\/div><div class=\"fusion-clearfix\"><\/div><div class=\"fusion-title title\"><h2 class=\"title-heading-left\"><\/h2><div class=\"title-sep-container\"><div class=\"title-sep sep-single\"><\/div><\/div><\/div><div class=\"fusion-social-links\"><div class=\"fusion-social-networks boxed-icons\"><a class=\"fusion-social-network-icon fusion-tooltip fusion-facebook fusionicon-facebook\" target=\"_blank\" href=\"https:\/\/www.facebook.com\/BitkiUzmaniAytulTemiz\" style=\"color:#3e3e3e;background-color:#383838;border-color:#383838;border-radius:4px;\" data-placement=\"top\" data-title=\"Facebook\" data-toggle=\"tooltip\" title=\"Facebook\"><\/a><a class=\"fusion-social-network-icon fusion-tooltip fusion-twitter fusionicon-twitter\" target=\"_blank\" href=\"https:\/\/twitter.com\/BitkiUzmAytulT\" style=\"color:#3e3e3e;background-color:#383838;border-color:#383838;border-radius:4px;\" data-placement=\"top\" data-title=\"Twitter\" data-toggle=\"tooltip\" title=\"Twitter\"><\/a><a class=\"fusion-social-network-icon fusion-tooltip fusion-instagram fusionicon-instagram\" target=\"_blank\" href=\"https:\/\/www.instagram.com\/aytul_temiz_landscape_design\/\" style=\"color:#3e3e3e;background-color:#383838;border-color:#383838;border-radius:4px;\" data-placement=\"top\" data-title=\"Instagram\" data-toggle=\"tooltip\" title=\"Instagram\"><\/a><a class=\"fusion-social-network-icon fusion-tooltip fusion-googleplus fusionicon-googleplus\" target=\"_blank\" href=\"https:\/\/plus.google.com\/105901941272757804946\/posts\" style=\"color:#3e3e3e;background-color:#383838;border-color:#383838;border-radius:4px;\" data-placement=\"top\" data-title=\"Google+\" data-toggle=\"tooltip\" title=\"Google+\"><\/a><a class=\"fusion-social-network-icon fusion-tooltip fusion-mail fusionicon-mail\" target=\"_self\" href=\"mailto:info@aytultemiz.com\" style=\"color:#3e3e3e;background-color:#383838;border-color:#383838;border-radius:4px;\" data-placement=\"top\" data-title=\"Mail\" data-toggle=\"tooltip\" title=\"Mail\"><\/a><\/div><\/div>\n","protected":false},"excerpt":{"rendered":"","protected":false},"author":1,"featured_media":0,"parent":0,"menu_order":0,"comment_status":"open","ping_status":"open","template":"","meta":[],"_links":{"self":[{"href":"https:\/\/aytultemiz.com\/site\/wp-json\/wp\/v2\/pages\/11819"}],"collection":[{"href":"https:\/\/aytultemiz.com\/site\/wp-json\/wp\/v2\/pages"}],"about":[{"href":"https:\/\/aytultemiz.com\/site\/wp-json\/wp\/v2\/types\/page"}],"author":[{"embeddable":true,"href":"https:\/\/aytultemiz.com\/site\/wp-json\/wp\/v2\/users\/1"}],"replies":[{"embeddable":true,"href":"https:\/\/aytultemiz.com\/site\/wp-json\/wp\/v2\/comments?post=11819"}],"version-history":[{"count":20,"href":"https:\/\/aytultemiz.com\/site\/wp-json\/wp\/v2\/pages\/11819\/revisions"}],"predecessor-version":[{"id":12998,"href":"https:\/\/aytultemiz.com\/site\/wp-json\/wp\/v2\/pages\/11819\/revisions\/12998"}],"wp:attachment":[{"href":"https:\/\/aytultemiz.com\/site\/wp-json\/wp\/v2\/media?parent=11819"}],"curies":[{"name":"wp","href":"https:\/\/api.w.org\/{rel}","templated":true}]}}