{"id":12299,"date":"2016-01-22T16:38:05","date_gmt":"2016-01-22T16:38:05","guid":{"rendered":"http:\/\/aytultemiz.com\/site\/?page_id=12299"},"modified":"2016-03-23T17:31:29","modified_gmt":"2016-03-23T17:31:29","slug":"bahceblog","status":"publish","type":"page","link":"https:\/\/aytultemiz.com\/site\/bahceblog\/","title":{"rendered":"Bah\u00e7e Blog"},"content":{"rendered":"<div class=\"fusion-five-sixth fusion-layout-column fusion-column last spacing-yes\"><div class=\"fusion-column-wrapper\">\n<h1><strong>Haz Dolu Bir Bah\u00e7enin S\u0131rlar\u0131<\/strong><\/h1>\n<\/div><\/div><div class=\"fusion-clearfix\"><\/div><div class=\"fusion-two-fifth fusion-layout-column fusion-column spacing-yes\"><div class=\"fusion-column-wrapper\">\n<p style=\"text-align: justify;\"><a href=\"https:\/\/www.homify.com.tr\/odalar\/bahce\">Bah\u00e7e<\/a> tasar\u0131m\u0131 d\u00fcnya genelindeki canl\u0131 ve cans\u0131z materyallerin farkl\u0131l\u0131klar\u0131 kadar, toplumlar\u0131n gelenek-g\u00f6renek ve dini inan\u00e7lar\u0131yla da \u00e7e\u015fitlilik kazanm\u0131\u015ft\u0131r. Hayalinizdeki bah\u00e7enin tasar\u0131m\u0131 i\u00e7inse \u00f6ncelikle d\u00fczenleme yapman\u0131z gerekmektedir. D\u00fczenleme kroki, b\u00f6l\u00fcmlendirme ve metraj i\u015flemlerinden olu\u015fmaktad\u0131r. Kroki bah\u00e7enizi tepeden ku\u015f bak\u0131\u015f\u0131 ka\u011f\u0131t \u00fczerinde g\u00f6r\u00fcp, genel d\u00fczenlemeyi daha kolay yapman\u0131z\u0131 sa\u011flayacakt\u0131r. Ard\u0131ndan tasar\u0131m a\u015famas\u0131na geldi\u011finizde krokiye, bah\u00e7edeki mevcut a\u011fa\u00e7lar\u0131, evinizi ve bah\u00e7edeki di\u011fer yap\u0131lar\u0131 da (havuz,merdiven,depo vb) yerle\u015ftirmeniz gerekmektedir. \u00d6nemli konulardan biride gizlenmesini istedi\u011finiz alanlar\u0131 ya da g\u00fcr\u00fclt\u00fcl\u00fc yerleri kroki \u00fczerinde i\u015faretlemenizdir. Bu alanlarda istemedi\u011finiz yerleri kapamak ve sesleri kesmek i\u00e7in bitkisel(boylu herdem ye\u015fil a\u011fa\u00e7 vb) ya da yap\u0131sal perdeleme yapmak ihtiyac\u0131da tasar\u0131m\u0131n\u0131z\u0131n bir par\u00e7as\u0131 olacakt\u0131r. Krokide b\u00fct\u00fcn bunlar\u0131 belirttikten sonra hayalinizdeki ideal bah\u00e7e i\u00e7in peyzaj d\u00fczenlemesine ba\u015flayabilirsiniz.<\/p>\n<p style=\"text-align: justify;\">Do\u011fru bir kroki \u00e7\u0131kard\u0131ktan sonra \u00f6ncelikle bah\u00e7enizi alanlara b\u00f6lmelisiniz. T\u00fcm alan\u0131n\u0131z\u0131 b\u00f6lerek do\u011fru g\u00f6lge ve g\u00fcne\u015f alanlar\u0131 olu\u015fturman\u0131z gerekir. \u00d6zellikle kavurucu yaz g\u00fcnlerinde g\u00f6lgenin ne kadar \u00f6nemli oldu\u011fu tart\u0131\u015f\u0131lmaz bir konudur. Mesela e\u011fer \u00e7ocuklar\u0131n\u0131z varsa ba\u015flar\u0131na g\u00fcne\u015f ge\u00e7memesi i\u00e7in onlara bah\u00e7enizde belirledi\u011finiz oyun alan\u0131na b\u00fcy\u00fck\u00e7e herdem ye\u015fil bir a\u011fa\u00e7 dikmek olduk\u00e7a i\u015fe yarayacakt\u0131r. Hatta bu b\u00fcy\u00fck a\u011fac\u0131n formu uygunsa \u00e7ocuklar\u0131n\u0131za a\u011fac\u0131n \u00fcst\u00fcnde ah\u015faptan bir oyun alan\u0131 tasarlaman\u0131z bile m\u00fcmk\u00fcn olabilir.<\/p>\n<\/div><\/div><div class=\"fusion-three-fifth fusion-layout-column fusion-column last spacing-yes\"><div class=\"fusion-column-wrapper\">\n<div><a href=\"https:\/\/www.homify.com.tr\/fotograf\/701985\/paisagismo-casa-pam\" target=\"_blank\"><img src=\"https:\/\/res.cloudinary.com\/homify\/a_0,c_fill,h_632,q_70,w_632\/v1441097614\/p\/photo\/image\/701985\/_MG_1818-1.jpg\" alt=\"Tropikal Bah\u00e7e Landscape Paisagismo\" \/><\/a><\/div>\n<div style=\"color: #86848b;\"><small> <a style=\"text-decoration: none; color: #86848b;\" href=\"https:\/\/www.homify.com.tr\/profesyoneller\/55592\/landscape-paisagismo\" target=\"_blank\"> Landscape Paisagismo <\/a><\/small><\/div>\n<\/div><\/div><div class=\"fusion-clearfix\"><\/div><div class=\"fusion-one-third one_third fusion-layout-column fusion-column spacing-yes\"><div class=\"fusion-column-wrapper\">\n<div><a href=\"https:\/\/www.homify.com.tr\/fotograf\/11810\/traditional-classic\" target=\"_blank\"><img src=\"https:\/\/res.cloudinary.com\/homify\/a_0,c_fill,h_316,q_70,w_316\/v1437066288\/p\/photo\/image\/11810\/swd_IMG_5143.jpg\" alt=\"Traditional &amp; Classic : Klasik Evler Garden Landscape Design\" \/><\/a><\/div>\n<div style=\"color: #86848b;\"><small><a style=\"text-decoration: none; color: #86848b;\" href=\"https:\/\/www.homify.com.tr\/projeler\/1548\/traditional-classic\" target=\"_blank\"> Traditional &amp; Classic <\/a><a style=\"text-decoration: none; color: #86848b;\" href=\"https:\/\/www.homify.com.tr\/profesyoneller\/1309\/garden-landscape-design\" target=\"_blank\"> Garden Landscape Design<\/a>\/ <a href=\"https:\/\/www.homify.co.kr\/ideabooks\/529666\">Homify<\/a><\/small><\/div>\n<\/div><\/div><div class=\"fusion-two-third two_third fusion-layout-column fusion-column last spacing-yes\"><div class=\"fusion-column-wrapper\">\n<p style=\"text-align: justify;\">\u00a0Bah\u00e7e tasar\u0131m\u0131n\u0131zda dikkat edilmesi gereken estetik unsurlarda vard\u0131r. \u00d6rne\u011fin bitkilerin bah\u00e7eyle ve kendi aralar\u0131nda orant\u0131l\u0131 olmas\u0131 gerekir. Yani bah\u00e7enizin b\u00fcy\u00fckl\u00fc\u011f\u00fcne orant\u0131l\u0131 a\u011fa\u00e7lar ve \u00e7al\u0131lar se\u00e7melisiniz. Geometrik \u015fekillerinden renklerine kadar bah\u00e7enizdeki bitkilerin kendi aralar\u0131nda ve evinizle uyum i\u00e7inde olmal\u0131d\u0131r. Simetriyi de bah\u00e7enizde kullanabilirsiniz. Mesela binan\u0131z\u0131n giri\u015fine d\u00fcz bir y\u00fcr\u00fcme yolu yapt\u0131ysan\u0131z bu y\u00fcr\u00fcme yolunun yanlar\u0131na y\u00fcr\u00fcme yoluna e\u015fit uzakl\u0131kta simetrik olarak dikilmi\u015f bitkiler ya da ta\u015flar koymak bah\u00e7enizi g\u00fczelle\u015ftirecektir. Unutmay\u0131n simetri insanlar\u0131 g\u00fcvende hissettiren bir estetik unsurdur. Bitki se\u00e7iminde dikkat edilmesi gerekenler sadece boyutlar\u0131 de\u011fil ku\u015fkusuz. Bah\u00e7enizin bulundu\u011fu b\u00f6lgenin iklimine, bitki \u00f6rt\u00fcs\u00fcne de son derece dikkat etmeniz gerekmektedir. Il\u0131man bir y\u00f6redeyseniz, ona g\u00f6re, so\u011fuk bir y\u00f6redeyseniz ona g\u00f6re bitki se\u00e7meniz gerekmektedir. Ayr\u0131ca bitkilerin toprak isteklerine de dikkat etmelisiniz. Belki b\u00f6lgesel olarak topraklara katk\u0131 maddeleri eklemeniz gerekebilir. Tabi b\u00fct\u00fcn bunlar\u0131n yan\u0131nda bitkilerin ne kadar g\u00f6lge ve g\u00fcne\u015f almak istedi\u011fine de dikkat etmelisiniz, buna g\u00f6re baz\u0131 \u00e7i\u00e7ekleriniz i\u00e7in g\u00f6lgeli alanlar, baz\u0131lar\u0131 i\u00e7in g\u00fcne\u015fli alanlar olu\u015fturman\u0131z gerekebilir.<\/p>\n<\/div><\/div><div class=\"fusion-clearfix\"><\/div><div class=\"fusion-fullwidth fullwidth-box\" style=\"background-color:#242424;background-attachment:scroll;background-position:left top;background-repeat:no-repeat;-webkit-background-size:cover;-moz-background-size:cover;-o-background-size:cover;background-size:cover;border-color:#3e3e3e;border-bottom-width: 0px;border-top-width: 0px;border-bottom-style: solid;border-top-style: solid;padding-bottom:20px;padding-left:0px;padding-right:0px;padding-top:20px;\"><div class=\"avada-row\">\n<p style=\"text-align: justify;\">Bitkiler d\u0131\u015f\u0131nda sal\u0131ncaklarda bah\u00e7enizi g\u00fczelle\u015ftiren en \u00f6nemli unsurlardan biridir. Hem dekoratif ve \u015f\u0131k bir g\u00f6r\u00fcnt\u00fcleri var hem de rahatlat\u0131c\u0131 ve e\u011flendiricidir. Keyifli bir muhabbet ve balkon zevki i\u00e7in bah\u00e7e sal\u0131ncaklar\u0131ndan uygun boyutta olan bir tanesini balkonunuz i\u00e7in edinebilirsiniz. Bah\u00e7e mobilyalar\u0131n\u0131z\u0131n ergonomik olmas\u0131 ve rahat bir oturum sa\u011flamas\u0131 da yine alan\u0131n\u0131z\u0131n keyfini daha uzun s\u00fcreli ya\u015faman\u0131z\u0131 sa\u011flar. \u00dczerlerindeki kuma\u015f\u0131n \u00e7\u0131kar\u0131labilir olmas\u0131na dikkat etmelisiniz zira \u00e7ok s\u0131k tozlanaca\u011f\u0131ndan ve d\u0131\u015far\u0131 ile \u00e7ok temas edece\u011finden s\u0131k s\u0131k y\u0131kaman\u0131z gerekebilir.\u00a0T\u00fcm bah\u00e7enizi tasarlad\u0131ktan sonra \u00f6zellikle ak\u015fam kullan\u0131m\u0131 i\u00e7in bah\u00e7e ayd\u0131nlatmas\u0131n\u0131 da unutmay\u0131n. \u0130yi bir ayd\u0131nlatma bah\u00e7enizin kalitesini y\u00fckseltecektir. Bah\u00e7enizin ya\u015fam d\u00f6ng\u00fcn\u00fcz\u00fcn bir par\u00e7as\u0131 oldu\u011funu unutmadan ve ya\u015fam kalitenizi artt\u0131racak \u015fekilde keyifle tasarlaman\u0131z dile\u011fiyle.<\/p>\n<\/div><\/div><div class=\"fusion-one-third one_third fusion-layout-column fusion-column spacing-yes\"><div class=\"fusion-column-wrapper\">\n<div><a href=\"https:\/\/www.homify.com.tr\/fotograf\/1341482\/toskana-vadisi-peyzaj-projesi\" target=\"_blank\"><img src=\"https:\/\/res.cloudinary.com\/homify\/a_0,c_fill,h_316,q_70,w_316\/v1455903225\/p\/photo\/image\/1341482\/11.jpg\" alt=\"Toskana Vadisi Peyzaj Projesi : Modern Bah\u00e7e AYT\u00dcL TEM\u0130Z LANDSCAPE DESIGN\" \/><\/a><\/div>\n<div style=\"color: #86848b;\"><small><a style=\"text-decoration: none; color: #86848b;\" href=\"https:\/\/www.homify.com.tr\/projeler\/191493\/toskana-vadisi-peyzaj-projesi\" target=\"_blank\"> Toskana Vadisi Peyzaj Projesi <\/a><a style=\"text-decoration: none; color: #86848b;\" href=\"https:\/\/www.homify.com.tr\/profesyoneller\/51729\/aytul-temiz-landscape-design\" target=\"_blank\"> AYT\u00dcL TEM\u0130Z LANDSCAPE DESIGN<\/a>\/ <a href=\"https:\/\/www.homify.com.tr\/yeni_fikirler\/579290\/balkonu-cirkin-goeruenuemden-kurtarmanin-puef-noktalari\">Homify<\/a><\/small><\/div>\n<\/div><\/div><div class=\"fusion-one-third one_third fusion-layout-column fusion-column spacing-yes\"><div class=\"fusion-column-wrapper\">\n<div><a href=\"https:\/\/www.homify.com.tr\/fotograf\/10994\/classic-modern\" target=\"_blank\"><img src=\"https:\/\/res.cloudinary.com\/homify\/a_0,c_fill,h_316,q_70,w_316\/v1437065213\/p\/photo\/image\/10994\/swd_IMG_4764.jpg\" alt=\"Klasik Bah\u00e7e Garden Landscape Design\" \/><\/a><\/div>\n<div style=\"color: #86848b;\"><small> <a style=\"text-decoration: none; color: #86848b;\" href=\"https:\/\/www.homify.com.tr\/profesyoneller\/1309\/garden-landscape-design\" target=\"_blank\"> Garden Landscape Design\/ Homify<\/a>\/<a href=\"https:\/\/www.homify.com.tr\/yeni_fikirler\/603182\/cocuklara-verimli-calisma-disiplini-nasil-kazandirilir\" target=\"_blank\"> Homify<\/a><\/small><\/div>\n<\/div><\/div><div class=\"fusion-one-third one_third fusion-layout-column fusion-column last spacing-yes\"><div class=\"fusion-column-wrapper\">\n<div><a href=\"https:\/\/www.homify.com.tr\/fotograf\/1341444\/saklikoru-peyzaj-projesi\" target=\"_blank\"><img src=\"https:\/\/res.cloudinary.com\/homify\/a_0,c_fill,h_316,q_70,w_316\/v1455901868\/p\/photo\/image\/1341444\/3.jpg\" alt=\"Sakl\u0131koru Peyzaj Projesi : Modern Bah\u00e7e AYT\u00dcL TEM\u0130Z LANDSCAPE DESIGN\" \/><\/a><\/div>\n<div style=\"color: #86848b;\"><small><a style=\"text-decoration: none; color: #86848b;\" href=\"https:\/\/www.homify.com.tr\/projeler\/191475\/saklikoru-peyzaj-projesi\" target=\"_blank\"> Sakl\u0131koru Peyzaj Projesi <\/a><a style=\"text-decoration: none; color: #86848b;\" href=\"https:\/\/www.homify.com.tr\/profesyoneller\/51729\/aytul-temiz-landscape-design\" target=\"_blank\"> AYT\u00dcL TEM\u0130Z LANDSCAPE DESIGN<\/a>\/ <a href=\"https:\/\/www.homify.com.tr\/yeni_fikirler\/531285\/kendi-kompostunuzu-ueretmenin-yollari\">Homify<\/a><\/small><\/div>\n<\/div><\/div><div class=\"fusion-clearfix\"><\/div><div class=\"fusion-five-sixth fusion-layout-column fusion-column last spacing-yes\"><div class=\"fusion-column-wrapper\">\n<h1>Bah\u00e7ede \u00c7im<\/h1>\n<\/div><\/div><div class=\"fusion-clearfix\"><\/div><div class=\"fusion-one-fifth fusion-layout-column fusion-column spacing-yes\"><div class=\"fusion-column-wrapper\"><span class=\"fusion-imageframe imageframe imageframe-none imageframe-1\"> <img src=\"http:\/\/aytultemiz.com\/site\/wp-content\/uploads\/2015\/03\/Untitled-4.jpg\" alt=\"\" class=\"img-responsive\" \/><\/span><\/div><\/div><div class=\"fusion-one-sixth fusion-layout-column fusion-column spacing-yes\"><div class=\"fusion-column-wrapper\"><style type=\"text\/css\">#wrapper .fusion-button.button-1{text-shadow:none;-webkit-box-shadow:none;-moz-box-shadow:none;box-shadow: none;border-width:1px;color:#fff;border-color:#fff;}#wrapper .fusion-button.button-1:hover,.fusion-button.button-1:focus,.fusion-button.button-1:active{border-width:1px;border-color:#fff;color:#fff;}#wrapper .fusion-button.button-1{background: #a0ce4e;}#wrapper .fusion-button.button-1:hover,.button-1:focus,.fusion-button.button-1:active{background: #96c346;}<\/style><a class=\"button large button default fusion-button button-flat button-round button-large button-default button-1 buttonshadow-no\" target=\"_self\" href=\"https:\/\/www.youtube.com\/watch?v=ITu5aaprGX0&amp;index=5&amp;list=PLTo7ZHYEUACuEtG5eh0o02vKF2WPd4X2B\"><span class=\"fusion-button-text\">Video i\u00e7in t\u0131klay\u0131n\u0131z.<\/span><\/a><\/div><\/div><div class=\"fusion-three-fifth fusion-layout-column fusion-column last spacing-yes\"><div class=\"fusion-column-wrapper\"><em>\u00c7im ekilecek alanlar nas\u0131l haz\u0131rlan\u0131r?<\/em><\/p>\n<p>\u00c7im tohumlar\u0131n\u0131n ekilece\u011fi toprak yumu\u015fak ve d\u00fczg\u00fcn olmal\u0131d\u0131r. Bunun i\u00e7in toprak i\u015flenerek s\u0131k\u0131\u015fan k\u0131s\u0131mlar\u0131 havaland\u0131r\u0131l\u0131r. Toprakta olu\u015fan kesekler k\u00fcrekle par\u00e7alan\u0131r. Alana d\u0131\u015far\u0131dan getirilmi\u015f toprak, varsa yabani otlar\u0131n \u00e7\u0131kmas\u0131 i\u00e7in alan bir hafta s\u00fcreyle sulan\u0131r. Daha sonra alandaki t\u00fcm otlar \u00e7al\u0131 vb. bitkiler elle ya da yabani ot ilac\u0131 kullan\u0131larak temizlenir. B\u00f6yle ila\u00e7 kullan\u0131ld\u0131\u011f\u0131nda, bir hafta s\u00fcreyle alana \u00e7im tohumu ekilemez. Ard\u0131ndan \u00e7im ekilecek alan t\u0131rm\u0131kla iyice d\u00fczeltilir. Alana topra\u011f\u0131n yap\u0131s\u0131 da dikkate al\u0131narak genellikle 15-15-15 yaz\u0131l\u0131 g\u00fcbrelerden metrekareye 30 gr. hesab\u0131yla ticari kompoze g\u00fcbre at\u0131l\u0131r.<\/div><\/div><div class=\"fusion-clearfix\"><\/div><div class=\"fusion-five-sixth fusion-layout-column fusion-column last spacing-yes\"><div class=\"fusion-column-wrapper\">\n<h1>Orkide Bak\u0131m\u0131<\/h1>\n<\/div><\/div><div class=\"fusion-clearfix\"><\/div><div class=\"fusion-one-fifth fusion-layout-column fusion-column spacing-yes\"><div class=\"fusion-column-wrapper\"><span class=\"fusion-imageframe imageframe imageframe-none imageframe-2\"> <img src=\"http:\/\/aytultemiz.com\/site\/wp-content\/uploads\/2016\/01\/Phalaenopsis_lindenii_toapel.jpg\" alt=\"\" class=\"img-responsive\" \/><\/span><\/div><\/div><div class=\"fusion-one-sixth fusion-layout-column fusion-column spacing-yes\"><div class=\"fusion-column-wrapper\"><style type=\"text\/css\">#wrapper .fusion-button.button-2{text-shadow:none;-webkit-box-shadow:none;-moz-box-shadow:none;box-shadow: none;border-width:1px;color:#fff;border-color:#fff;}#wrapper .fusion-button.button-2:hover,.fusion-button.button-2:focus,.fusion-button.button-2:active{border-width:1px;border-color:#fff;color:#fff;}#wrapper .fusion-button.button-2{background: #a0ce4e;}#wrapper .fusion-button.button-2:hover,.button-2:focus,.fusion-button.button-2:active{background: #96c346;}<\/style><a class=\"button large button default fusion-button button-flat button-round button-large button-default button-2 buttonshadow-no\" target=\"_self\" href=\"https:\/\/www.youtube.com\/watch?v=Eu18zeiBnxo&amp;list=PLTo7ZHYEUACsZpk_3Ed2qbIJ3YYbihaR_\"><span class=\"fusion-button-text\">Video i\u00e7in t\u0131klay\u0131n\u0131z.<\/span><\/a><\/div><\/div><div class=\"fusion-three-fifth fusion-layout-column fusion-column last spacing-yes\"><div class=\"fusion-column-wrapper\"><em>Orkidenin k\u00f6klerini nas\u0131l budayabiliriz?<\/em><\/p>\n<p>Orchidaceae familyas\u0131 \u00e7ok hassas bir t\u00fcr olmas\u0131ndan dolay\u0131, orkidenin \u00f6zellikle budanma s\u00fcreci eyl\u00fcl ile kas\u0131m aylar\u0131 aras\u0131nda orkidenin daha rahat oldu\u011fu bir d\u00f6nemde yap\u0131lmas\u0131 gerekmektedir.<\/div><\/div><div class=\"fusion-clearfix\"><\/div><div class=\"fusion-five-sixth fusion-layout-column fusion-column last spacing-yes\"><div class=\"fusion-column-wrapper\">\n<h1>Menek\u015fe ne ister?<\/h1>\n<p>Menek\u015fe bak\u0131m\u0131nda nelere dikkat etmeliyiz?<\/div><\/div><div class=\"fusion-clearfix\"><\/div><div class=\"fusion-one-fifth fusion-layout-column fusion-column spacing-yes\"><div class=\"fusion-column-wrapper\"><span class=\"fusion-imageframe imageframe imageframe-none imageframe-3\"> <img src=\"http:\/\/aytultemiz.com\/site\/wp-content\/uploads\/2015\/03\/menekse.jpg\" alt=\"\" class=\"img-responsive\" \/><\/span><\/div><\/div><div class=\"fusion-one-sixth fusion-layout-column fusion-column spacing-yes\"><div class=\"fusion-column-wrapper\"><style type=\"text\/css\">#wrapper .fusion-button.button-3{text-shadow:none;-webkit-box-shadow:none;-moz-box-shadow:none;box-shadow: none;border-width:1px;color:#fff;border-color:#fff;}#wrapper .fusion-button.button-3:hover,.fusion-button.button-3:focus,.fusion-button.button-3:active{border-width:1px;border-color:#fff;color:#fff;}#wrapper .fusion-button.button-3{background: #a0ce4e;}#wrapper .fusion-button.button-3:hover,.button-3:focus,.fusion-button.button-3:active{background: #96c346;}<\/style><a class=\"button large button default fusion-button button-flat button-round button-large button-default button-3 buttonshadow-no\" target=\"_self\" href=\"https:\/\/www.youtube.com\/watch?v=G6PtDtoAUi4&amp;list=PLTo7ZHYEUACsbkf9hl6ZpAdnAm_USzF47\"><span class=\"fusion-button-text\">Video i\u00e7in t\u0131klay\u0131n\u0131z.<\/span><\/a><\/div><\/div><div class=\"fusion-three-fifth fusion-layout-column fusion-column last spacing-yes\"><div class=\"fusion-column-wrapper\"><em>Menek\u015fe ne ister?<\/em><\/p>\n<p>Humus\u00e7a zengin topra\u011fa bay\u0131l\u0131r.<\/p>\n<p>Rutubet ho\u015funa gider.<\/p>\n<p>K\u0131smen g\u00f6lgeli ya da yar\u0131 g\u00f6lgeli yerlerde ya\u015famak ister.<\/p>\n<p>Topra\u011f\u0131n kuru olmas\u0131 gerekir.<\/p>\n<p>K\u0131\u015f aylar\u0131nda \u00e7i\u00e7eklerin \u00fcst\u00fcne ya\u011fan kar onlar\u0131 \u00fc\u015f\u00fct\u00fcr. Silkelemeniz gerekir.<\/p>\n<p>\u00c7ok su istemez. Toprak kurursa su verebilirsiniz.<\/div><\/div><div class=\"fusion-clearfix\"><\/div><div class=\"fusion-five-sixth fusion-layout-column fusion-column last spacing-yes\"><div class=\"fusion-column-wrapper\">\n<h1>Leylak<\/h1>\n<\/div><\/div><div class=\"fusion-clearfix\"><\/div><div class=\"fusion-one-fifth fusion-layout-column fusion-column spacing-yes\"><div class=\"fusion-column-wrapper\"><span class=\"fusion-imageframe imageframe imageframe-none imageframe-4\"> <img src=\"http:\/\/aytultemiz.com\/site\/wp-content\/uploads\/2015\/03\/leylak.jpg\" alt=\"\" class=\"img-responsive\" \/><\/span><\/div><\/div><div class=\"fusion-one-sixth fusion-layout-column fusion-column spacing-yes\"><div class=\"fusion-column-wrapper\"><style type=\"text\/css\">#wrapper .fusion-button.button-4{text-shadow:none;-webkit-box-shadow:none;-moz-box-shadow:none;box-shadow: none;border-width:1px;color:#fff;border-color:#fff;}#wrapper .fusion-button.button-4:hover,.fusion-button.button-4:focus,.fusion-button.button-4:active{border-width:1px;border-color:#fff;color:#fff;}#wrapper .fusion-button.button-4{background: #a0ce4e;}#wrapper .fusion-button.button-4:hover,.button-4:focus,.fusion-button.button-4:active{background: #96c346;}<\/style><a class=\"button large button default fusion-button button-flat button-round button-large button-default button-4 buttonshadow-no\" target=\"_self\" href=\"https:\/\/www.youtube.com\/watch?v=ZF135RRnplY&amp;list=PLTo7ZHYEUACtSmet_KStLIFY1OF0xf71D\"><span class=\"fusion-button-text\">Video i\u00e7in t\u0131klay\u0131n\u0131z.<\/span><\/a><\/div><\/div><div class=\"fusion-three-fifth fusion-layout-column fusion-column last spacing-yes\"><div class=\"fusion-column-wrapper\"><em>Leylak Bitkisinin Genel \u00d6zellikleri Nelerdir?<\/em><\/p>\n<p>Leylaklar sadece ilkbaharda \u00e7i\u00e7eklenir. Bak\u0131m\u0131 kolayd\u0131r. K\u00f6t\u00fc \u015fartlar alt\u0131nda sorunuz ya\u015fayabilen, k\u0131\u015f\u0131n yapraklar\u0131n\u0131 d\u00f6ken , \u015fiddetli so\u011fuklardan donmadan etkilenmeyen, yaz\u0131n a\u015f\u0131r\u0131 s\u0131caklara kurakl\u0131\u011fa iyi dayanabilen k\u00fc\u00e7\u00fck yap\u0131l\u0131 bir a\u011fa\u00e7t\u0131r.<\/div><\/div><div class=\"fusion-clearfix\"><\/div><div class=\"fusion-recent-works fusion-recent-works-1 layout-carousel recent-works-carousel\"><div class=\"es-carousel-wrapper fusion-carousel-large\"><div class=\"es-carousel\"><ul><\/ul><\/div><div class=\"es-nav\"><span class=\"es-nav-prev\"><\/span><span class=\"es-nav-next\"><\/span><\/div><\/div><\/div>\n","protected":false},"excerpt":{"rendered":"","protected":false},"author":1,"featured_media":0,"parent":0,"menu_order":0,"comment_status":"open","ping_status":"open","template":"","meta":[],"_links":{"self":[{"href":"https:\/\/aytultemiz.com\/site\/wp-json\/wp\/v2\/pages\/12299"}],"collection":[{"href":"https:\/\/aytultemiz.com\/site\/wp-json\/wp\/v2\/pages"}],"about":[{"href":"https:\/\/aytultemiz.com\/site\/wp-json\/wp\/v2\/types\/page"}],"author":[{"embeddable":true,"href":"https:\/\/aytultemiz.com\/site\/wp-json\/wp\/v2\/users\/1"}],"replies":[{"embeddable":true,"href":"https:\/\/aytultemiz.com\/site\/wp-json\/wp\/v2\/comments?post=12299"}],"version-history":[{"count":43,"href":"https:\/\/aytultemiz.com\/site\/wp-json\/wp\/v2\/pages\/12299\/revisions"}],"predecessor-version":[{"id":13073,"href":"https:\/\/aytultemiz.com\/site\/wp-json\/wp\/v2\/pages\/12299\/revisions\/13073"}],"wp:attachment":[{"href":"https:\/\/aytultemiz.com\/site\/wp-json\/wp\/v2\/media?parent=12299"}],"curies":[{"name":"wp","href":"https:\/\/api.w.org\/{rel}","templated":true}]}}